CRAN Package Check Results for Package jackstraw

Last updated on 2019-06-24 05:58:05 CEST.

Flavor Version Tinstall Tcheck Ttotal Status Flags
r-devel-linux-x86_64-debian-clang 1.3 10.57 141.15 151.72 OK
r-devel-linux-x86_64-debian-gcc 1.3 8.48 105.94 114.42 OK
r-devel-linux-x86_64-fedora-clang 1.3 176.66 OK
r-devel-linux-x86_64-fedora-gcc 1.3 168.45 OK
r-devel-windows-ix86+x86_64 1.3 31.00 160.00 191.00 OK
r-patched-linux-x86_64 1.3 10.99 137.17 148.16 OK
r-patched-solaris-x86 1.3 271.80 OK
r-release-linux-x86_64 1.3 9.72 138.77 148.49 OK
r-release-windows-ix86+x86_64 1.3 20.00 184.00 204.00 OK
r-release-osx-x86_64 1.3 ERROR
r-oldrel-windows-ix86+x86_64 1.3 14.00 151.00 165.00 OK
r-oldrel-osx-x86_64 1.3 OK

Check Details

Version: 1.3
Check: package dependencies
Result: ERROR
    Packages required but not available: 'qvalue', 'lfa'
    
    See section ‘The DESCRIPTION file’ in the ‘Writing R Extensions’
    manual.
Flavor: r-release-osx-x86_64