CRAN Package Check Results for Package jackstraw

Last updated on 2019-09-15 05:46:17 CEST.

Flavor Version Tinstall Tcheck Ttotal Status Flags
r-devel-linux-x86_64-debian-clang 1.3 9.77 143.09 152.86 OK
r-devel-linux-x86_64-debian-gcc 1.3 8.47 106.70 115.17 OK
r-devel-linux-x86_64-fedora-clang 1.3 177.31 OK
r-devel-linux-x86_64-fedora-gcc 1.3 177.36 OK
r-devel-windows-ix86+x86_64 1.3 35.00 215.00 250.00 OK
r-patched-linux-x86_64 1.3 9.67 137.88 147.55 OK
r-patched-solaris-x86 1.3 268.30 OK
r-release-linux-x86_64 1.3 10.17 137.78 147.95 OK
r-release-windows-ix86+x86_64 1.3 23.00 215.00 238.00 OK
r-release-osx-x86_64 1.3 ERROR
r-oldrel-windows-ix86+x86_64 1.3 24.00 152.00 176.00 OK
r-oldrel-osx-x86_64 1.3 OK

Check Details

Version: 1.3
Check: package dependencies
Result: ERROR
    Packages required but not available: 'qvalue', 'lfa'
    
    See section ‘The DESCRIPTION file’ in the ‘Writing R Extensions’
    manual.
Flavor: r-release-osx-x86_64