CRAN Package Check Results for Package jarbes

Last updated on 2019-09-20 05:46:57 CEST.

Flavor Version Tinstall Tcheck Ttotal Status Flags
r-devel-linux-x86_64-debian-clang 1.7.2 3.15 26.76 29.91 OK
r-devel-linux-x86_64-debian-gcc 1.7.2 2.54 22.02 24.56 OK
r-devel-linux-x86_64-fedora-clang 1.7.2 37.46 NOTE
r-devel-linux-x86_64-fedora-gcc 1.7.2 36.04 NOTE
r-devel-windows-ix86+x86_64 1.7.2 10.00 44.00 54.00 OK
r-patched-linux-x86_64 1.7.2 2.95 27.04 29.99 OK
r-patched-solaris-x86 1.7.2 59.40 NOTE
r-release-linux-x86_64 1.7.2 3.00 27.10 30.10 OK
r-release-windows-ix86+x86_64 1.7.2 9.00 58.00 67.00 OK
r-release-osx-x86_64 1.7.2 NOTE
r-oldrel-windows-ix86+x86_64 1.7.2 5.00 42.00 47.00 OK
r-oldrel-osx-x86_64 1.7.2 NOTE

Check Details

Version: 1.7.2
Check: dependencies in R code
Result: NOTE
    Namespaces in Imports field not imported from:
     ‘MASS’ ‘ggExtra’ ‘ggplot2’ ‘grid’ ‘gridExtra’ ‘mcmcplots’
     All declared Imports should be used.
Flavors: r-devel-linux-x86_64-fedora-clang, r-devel-linux-x86_64-fedora-gcc, r-patched-solaris-x86, r-release-osx-x86_64, r-oldrel-osx-x86_64