CRAN Package Check Results for Package jarbes

Last updated on 2019-06-26 06:47:29 CEST.

Flavor Version Tinstall Tcheck Ttotal Status Flags
r-devel-linux-x86_64-debian-clang 1.7.2 2.53 27.85 30.38 OK
r-devel-linux-x86_64-debian-gcc 1.7.2 2.40 22.75 25.15 OK
r-devel-linux-x86_64-fedora-clang 1.7.2 36.71 NOTE
r-devel-linux-x86_64-fedora-gcc 1.7.2 35.19 NOTE
r-devel-windows-ix86+x86_64 1.7.2 9.00 44.00 53.00 OK
r-patched-linux-x86_64 1.7.2 2.62 28.02 30.64 OK
r-patched-solaris-x86 1.7.2 62.60 NOTE
r-release-linux-x86_64 1.7.2 2.91 28.27 31.18 OK
r-release-windows-ix86+x86_64 1.7.2 8.00 68.00 76.00 OK
r-release-osx-x86_64 1.7.2 NOTE
r-oldrel-windows-ix86+x86_64 1.7.2 4.00 45.00 49.00 OK
r-oldrel-osx-x86_64 1.7.2 NOTE

Check Details

Version: 1.7.2
Check: dependencies in R code
Result: NOTE
    Namespaces in Imports field not imported from:
     ‘MASS’ ‘ggExtra’ ‘ggplot2’ ‘grid’ ‘gridExtra’ ‘mcmcplots’
     All declared Imports should be used.
Flavors: r-devel-linux-x86_64-fedora-clang, r-devel-linux-x86_64-fedora-gcc, r-patched-solaris-x86, r-release-osx-x86_64, r-oldrel-osx-x86_64