CRAN Package Check Results for Package jstor

Last updated on 2019-12-14 05:47:32 CET.

Flavor Version Tinstall Tcheck Ttotal Status Flags
r-devel-linux-x86_64-debian-clang 0.3.7 6.89 69.24 76.13 OK
r-devel-linux-x86_64-debian-gcc 0.3.7 5.07 52.67 57.74 OK
r-devel-linux-x86_64-fedora-clang 0.3.7 95.58 OK
r-devel-linux-x86_64-fedora-gcc 0.3.7 87.01 OK
r-devel-windows-ix86+x86_64 0.3.7 15.00 113.00 128.00 OK
r-devel-windows-ix86+x86_64-gcc8 0.3.7 18.00 129.00 147.00 OK
r-patched-linux-x86_64 0.3.7 4.63 61.08 65.71 OK
r-patched-solaris-x86 0.3.7 121.00 OK
r-release-linux-x86_64 0.3.7 5.32 61.88 67.20 OK
r-release-windows-ix86+x86_64 0.3.7 12.00 84.00 96.00 OK
r-release-osx-x86_64 0.3.7 NOTE
r-oldrel-windows-ix86+x86_64 0.3.7 7.00 80.00 87.00 OK
r-oldrel-osx-x86_64 0.3.7 NOTE

Check Details

Version: 0.3.7
Check: dependencies in R code
Result: NOTE
    Missing or unexported object: ‘tidyr::unnest_legacy’
Flavors: r-release-osx-x86_64, r-oldrel-osx-x86_64