CRAN Package Check Results for Package junctions

Last updated on 2021-10-15 05:53:53 CEST.

Flavor Version Tinstall Tcheck Ttotal Status Flags
r-devel-linux-x86_64-debian-clang 2.0.1 59.85 134.28 194.13 OK
r-devel-linux-x86_64-debian-gcc 2.0.1 43.27 122.77 166.04 OK
r-devel-linux-x86_64-fedora-clang 2.0.1 263.41 OK
r-devel-linux-x86_64-fedora-gcc 2.0.1 277.29 OK
r-devel-windows-x86_64 2.0.1 74.00 147.00 221.00 OK
r-devel-windows-x86_64-gcc10-UCRT 2.0.1 OK
r-patched-linux-x86_64 2.0.1 51.02 153.09 204.11 OK
r-patched-solaris-x86 2.0.1 274.50 OK
r-release-linux-x86_64 2.0.1 55.98 153.57 209.55 OK
r-release-macos-arm64 2.0.1 NOTE
r-release-macos-x86_64 2.0.1 OK
r-release-windows-ix86+x86_64 2.0.1 171.00 254.00 425.00 OK
r-oldrel-macos-x86_64 2.0.1 OK
r-oldrel-windows-ix86+x86_64 2.0.1 173.00 253.00 426.00 OK

Check Details

Version: 2.0.1
Check: installed package size
Result: NOTE
     installed size is 5.3Mb
     sub-directories of 1Mb or more:
     doc 2.0Mb
     libs 3.2Mb
Flavor: r-release-macos-arm64