CRAN Package Check Results for Package kappalab

Last updated on 2024-07-19 06:50:18 CEST.

Flavor Version Tinstall Tcheck Ttotal Status Flags
r-devel-linux-x86_64-debian-clang 0.4-12 18.08 118.34 136.42 OK
r-devel-linux-x86_64-debian-gcc 0.4-12 12.30 88.79 101.09 OK
r-devel-linux-x86_64-fedora-clang 0.4-12 180.44 NOTE
r-devel-linux-x86_64-fedora-gcc 0.4-12 159.18 NOTE
r-devel-windows-x86_64 0.4-12 19.00 117.00 136.00 OK
r-patched-linux-x86_64 0.4-12 18.60 114.03 132.63 OK
r-release-linux-x86_64 0.4-12 14.98 110.70 125.68 OK
r-release-macos-arm64 0.4-12 46.00 OK
r-release-macos-x86_64 0.4-12 92.00 OK
r-release-windows-x86_64 0.4-12 17.00 114.00 131.00 OK
r-oldrel-macos-arm64 0.4-12 55.00 OK
r-oldrel-macos-x86_64 0.4-12 152.00 OK
r-oldrel-windows-x86_64 0.4-12 21.00 142.00 163.00 OK

Check Details

Version: 0.4-12
Check: compiled code
Result: NOTE File ‘kappalab/libs/kappalab.so’: Found no calls to: ‘R_registerRoutines’, ‘R_useDynamicSymbols’ It is good practice to register native routines and to disable symbol search. See ‘Writing portable packages’ in the ‘Writing R Extensions’ manual. Flavors: r-devel-linux-x86_64-fedora-clang, r-devel-linux-x86_64-fedora-gcc