CRAN Package Check Results for Package katex

Last updated on 2022-08-18 05:52:34 CEST.

Flavor Version Tinstall Tcheck Ttotal Status Flags
r-devel-linux-x86_64-debian-clang 1.4.0 3.49 38.41 41.90 NOTE
r-devel-linux-x86_64-debian-gcc 1.4.0 2.52 29.14 31.66 NOTE
r-devel-linux-x86_64-fedora-clang 1.4.0 61.68 NOTE
r-devel-linux-x86_64-fedora-gcc 1.4.0 62.30 NOTE
r-devel-windows-x86_64 1.4.0 10.00 68.00 78.00 NOTE
r-patched-linux-x86_64 1.4.0 2.79 36.85 39.64 OK
r-release-linux-x86_64 1.4.0 3.17 36.12 39.29 OK
r-release-macos-arm64 1.4.0 22.00 OK
r-release-macos-x86_64 1.4.0 29.00 OK
r-release-windows-x86_64 1.4.0 13.00 65.00 78.00 OK
r-oldrel-macos-arm64 1.4.0 19.00 OK
r-oldrel-macos-x86_64 1.4.0 26.00 OK
r-oldrel-windows-ix86+x86_64 1.4.0 11.00 74.00 85.00 OK

Check Details

Version: 1.4.0
Check: HTML version of manual
Result: NOTE
    Found the following HTML validation problems:
    math_to_rd.html:81:2153: Warning: <svg> attribute "width" has invalid value "400em"
    math_to_rd.html:81:2153: Warning: <svg> attribute "height" has invalid value "1.08em"
    math_to_rd.html:81:795: Warning: trimming empty <span>
    math_to_rd.html:81:1030: Warning: trimming empty <span>
    math_to_rd.html:81:1116: Warning: trimming empty <span>
    math_to_rd.html:81:1201: Warning: trimming empty <span>
    math_to_rd.html:81:1314: Warning: trimming empty <span>
    math_to_rd.html:81:1502: Warning: trimming empty <span>
    math_to_rd.html:81:1803: Warning: trimming empty <span>
    math_to_rd.html:81:2040: Warning: trimming empty <span>
    math_to_rd.html:92:161: Warning: trimming empty <span>
    math_to_rd.html:92:116: Warning: trimming empty <span>
    math_to_rd.html:92:94: Warning: trimming empty <span>
    math_to_rd.html:92:243: Warning: trimming empty <span>
    math_to_rd.html:92:291: Warning: trimming empty <span>
    math_to_rd.html:92:216: Warning: trimming empty <span>
    math_to_rd.html:92:393: Warning: trimming empty <span>
    math_to_rd.html:92:610: Warning: trimming empty <span>
    math_to_rd.html:92:567: Warning: trimming empty <span>
    math_to_rd.html:92:545: Warning: trimming empty <span>
    math_to_rd.html:92:651: Warning: trimming empty <span>
    math_to_rd.html:92:923: Warning: trimming empty <span>
    math_to_rd.html:92:1129: Warning: trimming empty <span>
    math_to_rd.html:92:1341: Warning: trimming empty <span>
    math_to_rd.html:92:1545: Warning: trimming empty <span>
    math_to_rd.html:92:1593: Warning: trimming empty <span>
    math_to_rd.html:92:1516: Warning: trimming empty <span>
    math_to_rd.html:92:1703: Warning: trimming empty <span>
    math_to_rd.html:92:1988: Warning: trimming empty <span>
    math_to_rd.html:92:1944: Warning: trimming empty <span>
    math_to_rd.html:92:1922: Warning: trimming empty <span>
    math_to_rd.html:92:2029: Warning: trimming empty <span>
    math_to_rd.html:92:2171: Warning: trimming empty <span>
    math_to_rd.html:92:2382: Warning: trimming empty <span>
    math_to_rd.html:92:2629: Warning: trimming empty <span>
    math_to_rd.html:92:2677: Warning: trimming empty <span>
    math_to_rd.html:92:2600: Warning: trimming empty <span>
    math_to_rd.html:92:2788: Warning: trimming empty <span>
    math_to_rd.html:92:3163: Warning: trimming empty <span>
    math_to_rd.html:92:3119: Warning: trimming empty <span>
    math_to_rd.html:92:3097: Warning: trimming empty <span>
    math_to_rd.html:92:3204: Warning: trimming empty <span>
    math_to_rd.html:92:3503: Warning: trimming empty <span>
    math_to_rd.html:102:377: Warning: trimming empty <span>
    math_to_rd.html:102:499: Warning: trimming empty <span>
    math_to_rd.html:102:585: Warning: trimming empty <span>
    math_to_rd.html:102:670: Warning: trimming empty <span>
    math_to_rd.html:102:1040: Warning: trimming empty <span>
Flavors: r-devel-linux-x86_64-debian-clang, r-devel-linux-x86_64-debian-gcc, r-devel-linux-x86_64-fedora-clang, r-devel-linux-x86_64-fedora-gcc

Version: 1.4.0
Check: HTML version of manual
Result: NOTE
    Found the following HTML validation problems:
    math_to_rd.html:81:2153: Warning: <svg> attribute "width" has invalid value "400em"
    
    
    math_to_rd.html:81:2153: Warning: <svg> attribute "height" has invalid value "1.08em"
    
    
    math_to_rd.html:81:795: Warning: trimming empty <span>
    
    
    math_to_rd.html:81:1030: Warning: trimming empty <span>
    
    
    math_to_rd.html:81:1116: Warning: trimming empty <span>
    
    
    math_to_rd.html:81:1201: Warning: trimming empty <span>
    
    
    math_to_rd.html:81:1314: Warning: trimming empty <span>
    
    
    math_to_rd.html:81:1502: Warning: trimming empty <span>
    
    
    math_to_rd.html:81:1803: Warning: trimming empty <span>
    
    
    math_to_rd.html:81:2040: Warning: trimming empty <span>
    
    
    math_to_rd.html:92:161: Warning: trimming empty <span>
    
    
    math_to_rd.html:92:116: Warning: trimming empty <span>
    
    
    math_to_rd.html:92:94: Warning: trimming empty <span>
    
    
    math_to_rd.html:92:243: Warning: trimming empty <span>
    
    
    math_to_rd.html:92:291: Warning: trimming empty <span>
    
    
    math_to_rd.html:92:216: Warning: trimming empty <span>
    
    
    math_to_rd.html:92:393: Warning: trimming empty <span>
    
    
    math_to_rd.html:92:610: Warning: trimming empty <span>
    
    
    math_to_rd.html:92:567: Warning: trimming empty <span>
    
    
    math_to_rd.html:92:545: Warning: trimming empty <span>
    
    
    math_to_rd.html:92:651: Warning: trimming empty <span>
    
    
    math_to_rd.html:92:923: Warning: trimming empty <span>
    
    
    math_to_rd.html:92:1129: Warning: trimming empty <span>
    
    
    math_to_rd.html:92:1341: Warning: trimming empty <span>
    
    
    math_to_rd.html:92:1545: Warning: trimming empty <span>
    
    
    math_to_rd.html:92:1593: Warning: trimming empty <span>
    
    
    math_to_rd.html:92:1516: Warning: trimming empty <span>
    
    
    math_to_rd.html:92:1703: Warning: trimming empty <span>
    
    
    math_to_rd.html:92:1988: Warning: trimming empty <span>
    
    
    math_to_rd.html:92:1944: Warning: trimming empty <span>
    
    
    math_to_rd.html:92:1922: Warning: trimming empty <span>
    
    
    math_to_rd.html:92:2029: Warning: trimming empty <span>
    
    
    math_to_rd.html:92:2171: Warning: trimming empty <span>
    
    
    math_to_rd.html:92:2382: Warning: trimming empty <span>
    
    
    math_to_rd.html:92:2629: Warning: trimming empty <span>
    
    
    math_to_rd.html:92:2677: Warning: trimming empty <span>
    
    
    math_to_rd.html:92:2600: Warning: trimming empty <span>
    
    
    math_to_rd.html:92:2788: Warning: trimming empty <span>
    
    
    math_to_rd.html:92:3163: Warning: trimming empty <span>
    
    
    math_to_rd.html:92:3119: Warning: trimming empty <span>
    
    
    math_to_rd.html:92:3097: Warning: trimming empty <span>
    
    
    math_to_rd.html:92:3204: Warning: trimming empty <span>
    
    
    math_to_rd.html:92:3503: Warning: trimming empty <span>
    
    
    math_to_rd.html:102:377: Warning: trimming empty <span>
    
    
    math_to_rd.html:102:499: Warning: trimming empty <span>
    
    
    math_to_rd.html:102:585: Warning: trimming empty <span>
    
    
    math_to_rd.html:102:670: Warning: trimming empty <span>
    
    
    math_to_rd.html:102:1040: Warning: trimming empty <span>
Flavor: r-devel-windows-x86_64