CRAN Package Check Results for Package kcirt

Last updated on 2019-06-26 06:47:30 CEST.

Flavor Version Tinstall Tcheck Ttotal Status Flags
r-devel-linux-x86_64-debian-clang 0.6.0 2.88 31.66 34.54 NOTE
r-devel-linux-x86_64-debian-gcc 0.6.0 2.41 25.73 28.14 NOTE
r-devel-linux-x86_64-fedora-clang 0.6.0 44.24 NOTE
r-devel-linux-x86_64-fedora-gcc 0.6.0 41.93 NOTE
r-devel-windows-ix86+x86_64 0.6.0 10.00 59.00 69.00 NOTE
r-patched-linux-x86_64 0.6.0 2.69 31.65 34.34 NOTE
r-patched-solaris-x86 0.6.0 64.30 NOTE
r-release-linux-x86_64 0.6.0 2.90 31.75 34.65 NOTE
r-release-windows-ix86+x86_64 0.6.0 6.00 68.00 74.00 NOTE
r-release-osx-x86_64 0.6.0 NOTE
r-oldrel-windows-ix86+x86_64 0.6.0 4.00 56.00 60.00 NOTE
r-oldrel-osx-x86_64 0.6.0 NOTE

Check Details

Version: 0.6.0
Check: DESCRIPTION meta-information
Result: NOTE
    Malformed Description field: should contain one or more complete sentences.
Flavors: r-devel-linux-x86_64-debian-clang, r-devel-linux-x86_64-debian-gcc, r-devel-linux-x86_64-fedora-clang, r-devel-linux-x86_64-fedora-gcc, r-devel-windows-ix86+x86_64, r-patched-linux-x86_64, r-patched-solaris-x86, r-release-linux-x86_64, r-release-windows-ix86+x86_64, r-release-osx-x86_64, r-oldrel-windows-ix86+x86_64, r-oldrel-osx-x86_64

Version: 0.6.0
Check: R code for possible problems
Result: NOTE
    ikcirt.fun.mss.eta: no visible global function definition for 'var'
    ikcirt.fun.mss.eta: no visible global function definition for 'pnorm'
    ikcirt.fun.mss.lambda: no visible global function definition for 'var'
    ikcirt.fun.mss.lambda: no visible global function definition for
     'pnorm'
    ikcirt.fun.mss.mu: no visible global function definition for 'pnorm'
    kcirt.fitEE: no visible binding for global variable 'sd'
    kcirt.fitEE: no visible global function definition for 'var'
    kcirt.fitEE: no visible global function definition for 'cor'
    kcirt.fitMSS: no visible global function definition for 'var'
    kcirt.fitMSS: no visible global function definition for 'pnorm'
    kcirt.fitMSS: no visible global function definition for 'sfInit'
    kcirt.fitMSS: no visible global function definition for 'sfExport'
    kcirt.fitMSS: no visible global function definition for 'rnorm'
    kcirt.fitMSS: no visible global function definition for
     'txtProgressBar'
    kcirt.fitMSS: no visible global function definition for 'sfIsRunning'
    kcirt.fitMSS: no visible global function definition for 'sfStop'
    kcirt.fitMSS: no visible global function definition for 'cor'
    Undefined global functions or variables:
     cor pnorm rnorm sd sfExport sfInit sfIsRunning sfStop txtProgressBar
     var
    Consider adding
     importFrom("stats", "cor", "pnorm", "rnorm", "sd", "var")
     importFrom("utils", "txtProgressBar")
    to your NAMESPACE file.
Flavors: r-devel-linux-x86_64-debian-clang, r-devel-linux-x86_64-debian-gcc, r-devel-linux-x86_64-fedora-clang, r-devel-linux-x86_64-fedora-gcc, r-devel-windows-ix86+x86_64, r-patched-linux-x86_64, r-patched-solaris-x86, r-release-linux-x86_64, r-release-windows-ix86+x86_64, r-release-osx-x86_64, r-oldrel-windows-ix86+x86_64, r-oldrel-osx-x86_64