Last updated on 2022-08-16 05:54:02 CEST.
Flavor | Version | Tinstall | Tcheck | Ttotal | Status | Flags |
---|---|---|---|---|---|---|
r-devel-linux-x86_64-debian-clang | 0.4.3 | 29.45 | 108.78 | 138.23 | WARN | |
r-devel-linux-x86_64-debian-gcc | 0.4.3 | 23.10 | 84.37 | 107.47 | OK | |
r-devel-linux-x86_64-fedora-clang | 0.4.3 | 182.65 | WARN | |||
r-devel-linux-x86_64-fedora-gcc | 0.4.3 | 177.15 | OK | |||
r-devel-windows-x86_64 | 0.4.3 | 37.00 | 153.00 | 190.00 | OK | |
r-patched-linux-x86_64 | 0.4.3 | 27.60 | 105.00 | 132.60 | OK | |
r-release-linux-x86_64 | 0.4.3 | 27.97 | 104.98 | 132.95 | OK | |
r-release-macos-arm64 | 0.4.3 | 55.00 | OK | |||
r-release-macos-x86_64 | 0.4.3 | 68.00 | OK | |||
r-release-windows-x86_64 | 0.4.3 | 37.00 | 155.00 | 192.00 | OK | |
r-oldrel-macos-arm64 | 0.4.3 | 55.00 | OK | |||
r-oldrel-macos-x86_64 | 0.4.3 | 88.00 | OK | |||
r-oldrel-windows-ix86+x86_64 | 0.4.3 | 70.00 | 192.00 | 262.00 | OK |
Version: 0.4.3
Check: whether package can be installed
Result: WARN
Found the following significant warnings:
evaluators.cpp:52:13: warning: use of bitwise '|' with boolean operands [-Wbitwise-instead-of-logical]
Flavors: r-devel-linux-x86_64-debian-clang, r-devel-linux-x86_64-fedora-clang