CRAN Package Check Results for Package kerdiest

Last updated on 2019-10-19 05:47:23 CEST.

Flavor Version Tinstall Tcheck Ttotal Status Flags
r-devel-linux-x86_64-debian-clang 1.2 2.18 62.40 64.58 NOTE
r-devel-linux-x86_64-debian-gcc 1.2 1.94 40.70 42.64 NOTE
r-devel-linux-x86_64-fedora-clang 1.2 75.02 NOTE
r-devel-linux-x86_64-fedora-gcc 1.2 67.15 NOTE
r-devel-windows-ix86+x86_64 1.2 9.00 71.00 80.00 NOTE
r-patched-linux-x86_64 1.2 2.16 54.82 56.98 NOTE
r-patched-solaris-x86 1.2 129.70 NOTE
r-release-linux-x86_64 1.2 2.46 55.20 57.66 NOTE
r-release-windows-ix86+x86_64 1.2 5.00 99.00 104.00 NOTE
r-release-osx-x86_64 1.2 NOTE
r-oldrel-windows-ix86+x86_64 1.2 3.00 71.00 74.00 NOTE
r-oldrel-osx-x86_64 1.2 NOTE

Check Details

Version: 1.2
Check: DESCRIPTION meta-information
Result: NOTE
    Malformed Title field: should not end in a period.
    Checking should be performed on sources prepared by 'R CMD build'.
Flavors: r-devel-linux-x86_64-debian-clang, r-devel-linux-x86_64-debian-gcc, r-devel-linux-x86_64-fedora-clang, r-devel-linux-x86_64-fedora-gcc, r-devel-windows-ix86+x86_64, r-patched-linux-x86_64, r-patched-solaris-x86, r-release-linux-x86_64, r-release-windows-ix86+x86_64, r-release-osx-x86_64, r-oldrel-windows-ix86+x86_64, r-oldrel-osx-x86_64

Version: 1.2
Check: dependencies in R code
Result: NOTE
    Packages in Depends field not imported from:
     'chron' 'date' 'evir'
     These packages need to be imported from (in the NAMESPACE file)
     for when this namespace is loaded but not attached.
Flavors: r-devel-linux-x86_64-debian-clang, r-devel-linux-x86_64-debian-gcc, r-devel-linux-x86_64-fedora-clang, r-devel-linux-x86_64-fedora-gcc, r-devel-windows-ix86+x86_64, r-patched-linux-x86_64, r-patched-solaris-x86, r-release-linux-x86_64, r-release-windows-ix86+x86_64, r-release-osx-x86_64, r-oldrel-windows-ix86+x86_64, r-oldrel-osx-x86_64

Version: 1.2
Check: R code for possible problems
Result: NOTE
    ALbw: no visible global function definition for 'sd'
    ALbw: no visible global function definition for 'quantile'
    CVbw: no visible global function definition for 'quantile'
    PBbw: no visible global function definition for 'sd'
    PBbw: no visible global function definition for 'IQR'
    kernel_function: no visible global function definition for 'dnorm'
    kernel_function_distribution: no visible global function definition for
     'pnorm'
    simp_int: no visible global function definition for 'approx'
    Undefined global functions or variables:
     IQR approx dnorm pnorm quantile sd
    Consider adding
     importFrom("stats", "IQR", "approx", "dnorm", "pnorm", "quantile",
     "sd")
    to your NAMESPACE file.
Flavors: r-devel-linux-x86_64-debian-clang, r-devel-linux-x86_64-debian-gcc, r-devel-linux-x86_64-fedora-clang, r-devel-linux-x86_64-fedora-gcc, r-devel-windows-ix86+x86_64, r-patched-linux-x86_64, r-patched-solaris-x86, r-release-linux-x86_64, r-release-windows-ix86+x86_64, r-release-osx-x86_64, r-oldrel-windows-ix86+x86_64, r-oldrel-osx-x86_64