CRAN Package Check Results for Package keyATM

Last updated on 2020-11-28 05:51:09 CET.

Flavor Version Tinstall Tcheck Ttotal Status Flags
r-devel-linux-x86_64-debian-clang 0.3.1 209.11 136.71 345.82 OK
r-devel-linux-x86_64-debian-gcc 0.3.1 251.83 96.41 348.24 OK
r-devel-linux-x86_64-fedora-clang 0.3.1 473.51 NOTE
r-devel-linux-x86_64-fedora-gcc 0.3.1 431.54 OK
r-devel-windows-ix86+x86_64 0.3.1 449.00 246.00 695.00 OK
r-patched-linux-x86_64 0.3.1 299.25 133.54 432.79 OK
r-patched-solaris-x86 0.3.1 399.80 OK
r-release-linux-x86_64 0.3.1 305.20 134.54 439.74 OK
r-release-macos-x86_64 0.3.1 NOTE
r-release-windows-ix86+x86_64 0.3.1 315.00 210.00 525.00 OK
r-oldrel-macos-x86_64 0.3.1 NOTE
r-oldrel-windows-ix86+x86_64 0.3.1 338.00 266.00 604.00 OK

Check Details

Version: 0.3.1
Check: installed package size
Result: NOTE
     installed size is 13.6Mb
     sub-directories of 1Mb or more:
     libs 13.2Mb
Flavors: r-devel-linux-x86_64-fedora-clang, r-release-macos-x86_64, r-oldrel-macos-x86_64