CRAN Package Check Results for Package keyring

Last updated on 2020-07-15 05:48:08 CEST.

Flavor Version Tinstall Tcheck Ttotal Status Flags
r-devel-linux-x86_64-debian-clang 1.1.0 9.58 28.36 37.94 OK
r-devel-linux-x86_64-debian-gcc 1.1.0 6.90 22.79 29.69 OK
r-devel-linux-x86_64-fedora-clang 1.1.0 56.23 NOTE
r-devel-linux-x86_64-fedora-gcc 1.1.0 58.57 NOTE
r-devel-windows-ix86+x86_64 1.1.0 26.00 73.00 99.00 OK
r-patched-linux-x86_64 1.1.0 8.45 28.47 36.92 OK
r-patched-solaris-x86 1.1.0 62.80 OK
r-release-linux-x86_64 1.1.0 10.09 29.64 39.73 OK
r-release-macos-x86_64 1.1.0 ERROR
r-release-windows-ix86+x86_64 1.1.0 24.00 51.00 75.00 OK
r-oldrel-macos-x86_64 1.1.0 OK
r-oldrel-windows-ix86+x86_64 1.1.0 20.00 63.00 83.00 OK

Check Details

Version: 1.1.0
Check: top-level files
Result: NOTE
    ‘configure’: /bin/bash is not portable
Flavors: r-devel-linux-x86_64-fedora-clang, r-devel-linux-x86_64-fedora-gcc

Version: 1.1.0
Check: whether package can be installed
Result: ERROR
    Installation failed.
Flavor: r-release-macos-x86_64