CRAN Package Check Results for Package keyring

Last updated on 2019-11-21 05:47:49 CET.

Flavor Version Tinstall Tcheck Ttotal Status Flags
r-devel-linux-x86_64-debian-clang 1.1.0 9.63 33.23 42.86 OK
r-devel-linux-x86_64-debian-gcc 1.1.0 7.62 27.41 35.03 OK
r-devel-linux-x86_64-fedora-clang 1.1.0 51.41 NOTE
r-devel-linux-x86_64-fedora-gcc 1.1.0 50.42 NOTE
r-devel-windows-ix86+x86_64 1.1.0 25.00 66.00 91.00 OK
r-devel-windows-ix86+x86_64-gcc8 1.1.0 19.00 51.00 70.00 OK
r-patched-linux-x86_64 1.1.0 8.09 31.79 39.88 OK
r-patched-solaris-x86 1.1.0 66.50 OK
r-release-linux-x86_64 1.1.0 7.43 31.72 39.15 OK
r-release-windows-ix86+x86_64 1.1.0 22.00 74.00 96.00 OK
r-release-osx-x86_64 1.1.0 OK
r-oldrel-windows-ix86+x86_64 1.1.0 15.00 45.00 60.00 OK
r-oldrel-osx-x86_64 1.1.0 OK

Check Details

Version: 1.1.0
Check: top-level files
Result: NOTE
    ‘configure’: /bin/bash is not portable
Flavors: r-devel-linux-x86_64-fedora-clang, r-devel-linux-x86_64-fedora-gcc