CRAN Package Check Results for Package kgc

Last updated on 2019-07-16 05:48:18 CEST.

Flavor Version Tinstall Tcheck Ttotal Status Flags
r-devel-linux-x86_64-debian-clang 1.0.0.2 28.76 402.71 431.47 OK
r-devel-linux-x86_64-debian-gcc 1.0.0.2 23.84 226.42 250.26 OK
r-devel-linux-x86_64-fedora-clang 1.0.0.2 548.62 OK
r-devel-linux-x86_64-fedora-gcc 1.0.0.2 432.45 OK
r-devel-windows-ix86+x86_64 1.0.0.2 53.00 365.00 418.00 OK
r-patched-linux-x86_64 1.0.0.2 29.40 309.01 338.41 OK
r-patched-solaris-x86 1.0.0.2 374.70 WARN
r-release-linux-x86_64 1.0.0.2 26.40 303.25 329.65 OK
r-release-windows-ix86+x86_64 1.0.0.2 43.00 473.00 516.00 OK
r-release-osx-x86_64 1.0.0.2 OK
r-oldrel-windows-ix86+x86_64 1.0.0.2 48.00 350.00 398.00 OK
r-oldrel-osx-x86_64 1.0.0.2 OK

Check Details

Version: 1.0.0.2
Check: re-building of vignette outputs
Result: WARN
    Error(s) in re-building vignettes:
     ...
    --- re-building ‘kgc-fine.Rmd’ using rmarkdown
    Warning in engine$weave(file, quiet = quiet, encoding = enc) :
     Pandoc (>= 1.12.3) and/or pandoc-citeproc not available. Falling back to R Markdown v1.
    Loading required package: shiny
    Loading required package: shinythemes
    Loading required package: plyr
    Quitting from lines 37-53 (kgc-fine.Rmd)
    Error: processing vignette 'kgc-fine.Rmd' failed with diagnostics:
    cannot allocate vector of size 640.7 Mb
    --- failed re-building ‘kgc-fine.Rmd’
    
    --- re-building ‘kgc-vignette.Rmd’ using rmarkdown
    Warning in engine$weave(file, quiet = quiet, encoding = enc) :
     Pandoc (>= 1.12.3) and/or pandoc-citeproc not available. Falling back to R Markdown v1.
    Loading required package: shiny
    Loading required package: shinythemes
    Loading required package: plyr
    --- finished re-building ‘kgc-vignette.Rmd’
    
    SUMMARY: processing the following file failed:
     ‘kgc-fine.Rmd’
    
    Error: Vignette re-building failed.
    Execution halted
Flavor: r-patched-solaris-x86