CRAN Package Check Results for Package kmlShape

Last updated on 2022-01-22 05:10:21 CET.

Flavor Version Tinstall Tcheck Ttotal Status Flags
r-devel-linux-x86_64-debian-clang 0.9.5 9.63 72.82 82.45 OK
r-devel-linux-x86_64-debian-gcc 0.9.5 8.64 57.74 66.38 OK
r-devel-linux-x86_64-fedora-clang 0.9.5 104.85 NOTE
r-devel-linux-x86_64-fedora-gcc 0.9.5 91.21 NOTE
r-devel-windows-x86_64-new-UL 0.9.5 70.00 98.00 168.00 OK
r-devel-windows-x86_64-new-TK 0.9.5 OK
r-patched-linux-x86_64 0.9.5 13.98 72.47 86.45 OK
r-release-linux-x86_64 0.9.5 11.36 72.90 84.26 OK
r-release-macos-arm64 0.9.5 OK
r-release-macos-x86_64 0.9.5 OK
r-release-windows-ix86+x86_64 0.9.5 23.00 110.00 133.00 OK
r-oldrel-macos-x86_64 0.9.5 OK
r-oldrel-windows-ix86+x86_64 0.9.5 23.00 110.00 133.00 OK

Check Details

Version: 0.9.5
Check: compiled code
Result: NOTE
    File ‘kmlShape/libs/kmlShape.so’:
     Found no calls to: ‘R_registerRoutines’, ‘R_useDynamicSymbols’
    
    It is good practice to register native routines and to disable symbol
    search.
    
    See ‘Writing portable packages’ in the ‘Writing R Extensions’ manual.
Flavors: r-devel-linux-x86_64-fedora-clang, r-devel-linux-x86_64-fedora-gcc