CRAN Package Check Results for Package kofnGA

Last updated on 2024-07-21 06:52:12 CEST.

Flavor Version Tinstall Tcheck Ttotal Status Flags
r-devel-linux-x86_64-debian-clang 1.3 2.43 35.03 37.46 NOTE
r-devel-linux-x86_64-debian-gcc 1.3 1.97 26.69 28.66 NOTE
r-devel-linux-x86_64-fedora-clang 1.3 49.10 NOTE
r-devel-linux-x86_64-fedora-gcc 1.3 46.43 NOTE
r-devel-windows-x86_64 1.3 4.00 48.00 52.00 NOTE
r-patched-linux-x86_64 1.3 3.43 34.33 37.76 NOTE
r-release-linux-x86_64 1.3 3.43 34.66 38.09 NOTE
r-release-macos-arm64 1.3 18.00 NOTE
r-release-macos-x86_64 1.3 31.00 NOTE
r-release-windows-x86_64 1.3 4.00 47.00 51.00 NOTE
r-oldrel-macos-arm64 1.3 20.00 NOTE
r-oldrel-macos-x86_64 1.3 27.00 NOTE
r-oldrel-windows-x86_64 1.3 4.00 50.00 54.00 NOTE

Check Details

Version: 1.3
Check: LazyData
Result: NOTE 'LazyData' is specified without a 'data' directory Flavors: r-devel-linux-x86_64-debian-clang, r-devel-linux-x86_64-debian-gcc, r-devel-linux-x86_64-fedora-clang, r-devel-linux-x86_64-fedora-gcc, r-devel-windows-x86_64, r-patched-linux-x86_64, r-release-linux-x86_64, r-release-macos-arm64, r-release-macos-x86_64, r-release-windows-x86_64, r-oldrel-macos-arm64, r-oldrel-macos-x86_64, r-oldrel-windows-x86_64