CRAN Package Check Results for Package kofnGA

Last updated on 2022-08-10 05:54:52 CEST.

Flavor Version Tinstall Tcheck Ttotal Status Flags
r-devel-linux-x86_64-debian-clang 1.3 2.49 36.00 38.49 NOTE
r-devel-linux-x86_64-debian-gcc 1.3 2.52 27.33 29.85 NOTE
r-devel-linux-x86_64-fedora-clang 1.3 56.84 NOTE
r-devel-linux-x86_64-fedora-gcc 1.3 56.62 NOTE
r-devel-windows-x86_64 1.3 9.00 57.00 66.00 NOTE
r-patched-linux-x86_64 1.3 2.81 33.85 36.66 NOTE
r-release-linux-x86_64 1.3 NOTE
r-release-macos-arm64 1.3 20.00 NOTE
r-release-macos-x86_64 1.3 26.00 NOTE
r-release-windows-x86_64 1.3 12.00 60.00 72.00 NOTE
r-oldrel-macos-arm64 1.3 25.00 NOTE
r-oldrel-macos-x86_64 1.3 33.00 NOTE
r-oldrel-windows-ix86+x86_64 1.3 9.00 53.00 62.00 NOTE

Check Details

Version: 1.3
Check: LazyData
Result: NOTE
     'LazyData' is specified without a 'data' directory
Flavors: r-devel-linux-x86_64-debian-clang, r-devel-linux-x86_64-debian-gcc, r-devel-linux-x86_64-fedora-clang, r-devel-linux-x86_64-fedora-gcc, r-devel-windows-x86_64, r-patched-linux-x86_64, r-release-linux-x86_64, r-release-macos-arm64, r-release-macos-x86_64, r-release-windows-x86_64, r-oldrel-macos-arm64, r-oldrel-macos-x86_64, r-oldrel-windows-ix86+x86_64