CRAN Package Check Results for Package ksNN

Last updated on 2022-08-10 05:54:52 CEST.

Flavor Version Tinstall Tcheck Ttotal Status Flags
r-devel-linux-x86_64-debian-clang 0.1.2 19.73 28.22 47.95 NOTE
r-devel-linux-x86_64-debian-gcc 0.1.2 13.20 21.84 35.04 NOTE
r-devel-linux-x86_64-fedora-clang 0.1.2 76.74 NOTE
r-devel-linux-x86_64-fedora-gcc 0.1.2 68.99 NOTE
r-devel-windows-x86_64 0.1.2 23.00 71.00 94.00 NOTE
r-patched-linux-x86_64 0.1.2 16.41 27.23 43.64 NOTE
r-release-linux-x86_64 0.1.2 NOTE
r-release-macos-arm64 0.1.2 24.00 NOTE
r-release-macos-x86_64 0.1.2 31.00 NOTE
r-release-windows-x86_64 0.1.2 18.00 72.00 90.00 NOTE
r-oldrel-macos-arm64 0.1.2 24.00 NOTE
r-oldrel-macos-x86_64 0.1.2 41.00 NOTE
r-oldrel-windows-ix86+x86_64 0.1.2 49.00 71.00 120.00 NOTE

Check Details

Version: 0.1.2
Check: LazyData
Result: NOTE
     'LazyData' is specified without a 'data' directory
Flavors: r-devel-linux-x86_64-debian-clang, r-devel-linux-x86_64-debian-gcc, r-devel-linux-x86_64-fedora-clang, r-devel-linux-x86_64-fedora-gcc, r-devel-windows-x86_64, r-patched-linux-x86_64, r-release-linux-x86_64, r-release-macos-arm64, r-release-macos-x86_64, r-release-windows-x86_64, r-oldrel-macos-arm64, r-oldrel-macos-x86_64, r-oldrel-windows-ix86+x86_64