CRAN Package Check Results for Package kselection

Last updated on 2019-08-23 05:46:57 CEST.

Flavor Version Tinstall Tcheck Ttotal Status Flags
r-devel-linux-x86_64-debian-clang 0.2.0 1.68 20.18 21.86 NOTE
r-devel-linux-x86_64-debian-gcc 0.2.0 1.57 16.18 17.75 NOTE
r-devel-linux-x86_64-fedora-clang 0.2.0 28.07 NOTE
r-devel-linux-x86_64-fedora-gcc 0.2.0 25.94 NOTE
r-devel-windows-ix86+x86_64 0.2.0 8.00 50.00 58.00 NOTE
r-patched-linux-x86_64 0.2.0 1.35 19.58 20.93 NOTE
r-patched-solaris-x86 0.2.0 41.90 NOTE
r-release-linux-x86_64 0.2.0 1.51 19.58 21.09 NOTE
r-release-windows-ix86+x86_64 0.2.0 3.00 43.00 46.00 NOTE
r-release-osx-x86_64 0.2.0 NOTE
r-oldrel-windows-ix86+x86_64 0.2.0 3.00 43.00 46.00 NOTE
r-oldrel-osx-x86_64 0.2.0 NOTE

Check Details

Version: 0.2.0
Check: R code for possible problems
Result: NOTE
    kselection: no visible global function definition for 'txtProgressBar'
    kselection: no visible global function definition for
     'setTxtProgressBar'
    plot.Kselection: no visible global function definition for 'plot'
    plot.Kselection: no visible global function definition for 'lines'
    plot.Kselection: no visible global function definition for 'legend'
    Undefined global functions or variables:
     legend lines plot setTxtProgressBar txtProgressBar
    Consider adding
     importFrom("graphics", "legend", "lines", "plot")
     importFrom("utils", "setTxtProgressBar", "txtProgressBar")
    to your NAMESPACE file.
Flavors: r-devel-linux-x86_64-debian-clang, r-devel-linux-x86_64-debian-gcc, r-devel-linux-x86_64-fedora-clang, r-devel-linux-x86_64-fedora-gcc, r-devel-windows-ix86+x86_64, r-patched-linux-x86_64, r-patched-solaris-x86, r-release-linux-x86_64, r-release-windows-ix86+x86_64, r-release-osx-x86_64, r-oldrel-windows-ix86+x86_64, r-oldrel-osx-x86_64