CRAN Package Check Results for Package labdsv

Last updated on 2024-05-25 06:57:00 CEST.

Flavor Version Tinstall Tcheck Ttotal Status Flags
r-devel-linux-x86_64-debian-clang 2.1-0 14.80 107.45 122.25 NOTE
r-devel-linux-x86_64-debian-gcc 2.1-0 11.83 77.49 89.32 NOTE
r-devel-linux-x86_64-fedora-clang 2.1-0 157.10 NOTE
r-devel-linux-x86_64-fedora-gcc 2.1-0 149.81 NOTE
r-devel-windows-x86_64 2.1-0 17.00 106.00 123.00 NOTE
r-patched-linux-x86_64 2.1-0 14.61 101.80 116.41 NOTE
r-release-linux-x86_64 2.1-0 13.32 100.91 114.23 NOTE
r-release-macos-arm64 2.1-0 44.00 NOTE
r-release-windows-x86_64 2.1-0 17.00 828.00 845.00 NOTE
r-oldrel-macos-arm64 2.1-0 48.00 OK
r-oldrel-macos-x86_64 2.1-0 120.00 OK
r-oldrel-windows-x86_64 2.1-0 21.00 122.00 143.00 OK

Check Details

Version: 2.1-0
Check: Rd files
Result: NOTE checkRd: (-1) reconcile.Rd:26: Lost braces 26 | refer to as the sQuote{comm} data.frame. The other data.frame contains all the | ^ Flavors: r-devel-linux-x86_64-debian-clang, r-devel-linux-x86_64-debian-gcc, r-devel-linux-x86_64-fedora-clang, r-devel-linux-x86_64-fedora-gcc, r-devel-windows-x86_64, r-patched-linux-x86_64, r-release-linux-x86_64, r-release-macos-arm64, r-release-windows-x86_64

Version: 2.1-0
Check: Rd cross-references
Result: NOTE Undeclared package ‘fso’ in Rd xrefs Flavor: r-devel-linux-x86_64-fedora-clang

Version: 2.1-0
Check: compiled code
Result: NOTE File ‘labdsv/libs/labdsv.so’: Found no calls to: ‘R_registerRoutines’, ‘R_useDynamicSymbols’ It is good practice to register native routines and to disable symbol search. See ‘Writing portable packages’ in the ‘Writing R Extensions’ manual. Flavors: r-devel-linux-x86_64-fedora-clang, r-devel-linux-x86_64-fedora-gcc