CRAN Package Check Results for Package lacrmr

Last updated on 2024-06-23 06:56:35 CEST.

Flavor Version Tinstall Tcheck Ttotal Status Flags
r-devel-linux-x86_64-debian-clang 1.0.5 5.74 48.36 54.10 OK
r-devel-linux-x86_64-debian-gcc 1.0.5 3.92 36.47 40.39 OK
r-devel-linux-x86_64-fedora-clang 1.0.5 68.93 NOTE
r-devel-linux-x86_64-fedora-gcc 1.0.5 75.62 NOTE
r-devel-windows-x86_64 1.0.5 5.00 58.00 63.00 OK
r-patched-linux-x86_64 1.0.5 4.63 47.01 51.64 OK
r-release-linux-x86_64 1.0.5 3.04 47.51 50.55 OK
r-release-macos-arm64 1.0.5 38.00 OK
r-release-macos-x86_64 1.0.5 52.00 OK
r-release-windows-x86_64 1.0.5 6.00 59.00 65.00 OK
r-oldrel-macos-arm64 1.0.5 28.00 OK
r-oldrel-macos-x86_64 1.0.5 37.00 OK
r-oldrel-windows-x86_64 1.0.5 7.00 64.00 71.00 OK

Check Details

Version: 1.0.5
Check: dependencies in R code
Result: NOTE Namespace in Imports field not imported from: ‘stringr’ All declared Imports should be used. Flavors: r-devel-linux-x86_64-fedora-clang, r-devel-linux-x86_64-fedora-gcc