Last updated on 2023-10-01 06:53:11 CEST.
Flavor | Version | Tinstall | Tcheck | Ttotal | Status | Flags |
---|---|---|---|---|---|---|
r-devel-linux-x86_64-debian-clang | 2.2.0 | 22.24 | 27.49 | 49.73 | NOTE | |
r-devel-linux-x86_64-debian-gcc | 2.2.0 | 13.50 | 22.53 | 36.03 | NOTE | |
r-devel-linux-x86_64-fedora-clang | 2.2.0 | 71.16 | NOTE | |||
r-devel-linux-x86_64-fedora-gcc | 2.2.0 | 66.94 | NOTE | |||
r-devel-windows-x86_64 | 2.2.0 | 19.00 | 63.00 | 82.00 | NOTE | |
r-patched-linux-x86_64 | 2.2.0 | 20.20 | 28.35 | 48.55 | NOTE | |
r-release-linux-x86_64 | 2.2.0 | 21.86 | 28.11 | 49.97 | NOTE | |
r-release-macos-arm64 | 2.2.0 | 26.00 | NOTE | |||
r-release-macos-x86_64 | 2.2.0 | 47.00 | NOTE | |||
r-release-windows-x86_64 | 2.2.0 | 27.00 | 66.00 | 93.00 | NOTE | |
r-oldrel-macos-arm64 | 2.2.0 | 26.00 | NOTE | |||
r-oldrel-macos-x86_64 | 2.2.0 | 40.00 | NOTE | |||
r-oldrel-windows-x86_64 | 2.2.0 | 26.00 | 68.00 | 94.00 | NOTE |
Version: 2.2.0
Check: for GNU extensions in Makefiles
Result: NOTE
GNU make is a SystemRequirements.
Flavors: r-devel-linux-x86_64-debian-clang, r-devel-linux-x86_64-debian-gcc, r-devel-linux-x86_64-fedora-clang, r-devel-linux-x86_64-fedora-gcc, r-devel-windows-x86_64, r-patched-linux-x86_64, r-release-linux-x86_64, r-release-macos-arm64, r-release-macos-x86_64, r-release-windows-x86_64, r-oldrel-macos-arm64, r-oldrel-macos-x86_64, r-oldrel-windows-x86_64
Version: 2.2.0
Check: Rd cross-references
Result: NOTE
Undeclared package ‘gsl’ in Rd xrefs
Flavor: r-devel-linux-x86_64-fedora-clang