CRAN Package Check Results for Package landscapemetrics

Last updated on 2020-01-17 05:47:15 CET.

Flavor Version Tinstall Tcheck Ttotal Status Flags
r-devel-linux-x86_64-debian-clang 1.4.1 141.50 322.77 464.27 OK
r-devel-linux-x86_64-debian-gcc 1.4.1 92.12 250.75 342.87 OK
r-devel-linux-x86_64-fedora-clang 1.4.1 560.36 NOTE
r-devel-linux-x86_64-fedora-gcc 1.4.1 405.41 OK
r-devel-windows-ix86+x86_64 1.4.1 362.00 674.00 1036.00 OK
r-devel-windows-ix86+x86_64-gcc8 1.4 278.00 688.00 966.00 OK
r-patched-linux-x86_64 1.4.1 104.18 289.96 394.14 OK
r-patched-solaris-x86 1.4.1 554.10 OK
r-release-linux-x86_64 1.4.1 103.17 286.13 389.30 OK
r-release-windows-ix86+x86_64 1.4.1 343.00 584.00 927.00 OK
r-release-osx-x86_64 1.4.1 NOTE
r-oldrel-windows-ix86+x86_64 1.4.1 340.00 579.00 919.00 OK
r-oldrel-osx-x86_64 1.4.1 NOTE

Check Details

Version: 1.4.1
Check: installed package size
Result: NOTE
     installed size is 5.5Mb
     sub-directories of 1Mb or more:
     libs 3.2Mb
Flavors: r-devel-linux-x86_64-fedora-clang, r-release-osx-x86_64, r-oldrel-osx-x86_64