CRAN Package Check Results for Package landscapemetrics

Last updated on 2019-08-25 05:46:50 CEST.

Flavor Version Tinstall Tcheck Ttotal Status Flags
r-devel-linux-x86_64-debian-clang 1.2.1 109.59 290.18 399.77 OK
r-devel-linux-x86_64-debian-gcc 1.2.1 88.11 232.49 320.60 OK
r-devel-linux-x86_64-fedora-clang 1.2.1 526.44 NOTE
r-devel-linux-x86_64-fedora-gcc 1.2.1 506.21 OK
r-devel-windows-ix86+x86_64 1.2.1 247.00 482.00 729.00 OK
r-patched-linux-x86_64 1.2.1 104.39 287.83 392.22 OK
r-patched-solaris-x86 1.2.1 569.70 OK
r-release-linux-x86_64 1.2.1 100.05 287.83 387.88 OK
r-release-windows-ix86+x86_64 1.2.1 350.00 621.00 971.00 OK
r-release-osx-x86_64 1.2.1 NOTE
r-oldrel-windows-ix86+x86_64 1.2.1 302.00 597.00 899.00 OK
r-oldrel-osx-x86_64 1.2.1 OK

Check Details

Version: 1.2.1
Check: installed package size
Result: NOTE
     installed size is 5.3Mb
     sub-directories of 1Mb or more:
     libs 3.0Mb
Flavors: r-devel-linux-x86_64-fedora-clang, r-release-osx-x86_64