CRAN Package Check Results for Package latentnet

Last updated on 2022-01-28 05:49:00 CET.

Flavor Version Tinstall Tcheck Ttotal Status Flags
r-devel-linux-x86_64-debian-clang 2.10.5 22.86 173.18 196.04 OK
r-devel-linux-x86_64-debian-gcc 2.10.5 15.20 135.62 150.82 OK
r-devel-linux-x86_64-fedora-clang 2.10.5 235.16 OK
r-devel-linux-x86_64-fedora-gcc 2.10.5 223.65 OK
r-devel-windows-x86_64-new-UL 2.10.5 117.00 210.00 327.00 OK
r-devel-windows-x86_64-new-TK 2.10.5 NOTE
r-patched-linux-x86_64 2.10.5 22.47 161.91 184.38 OK
r-release-linux-x86_64 2.10.5 16.94 162.92 179.86 OK
r-release-macos-arm64 2.10.5 OK
r-release-macos-x86_64 2.10.5 OK
r-release-windows-ix86+x86_64 2.10.5 50.00 301.00 351.00 OK
r-oldrel-macos-x86_64 2.10.5 OK
r-oldrel-windows-ix86+x86_64 2.10.5 50.00 302.00 352.00 OK

Check Details

Version: 2.10.5
Check: package dependencies
Result: NOTE
    Package suggested but not available for checking: 'heplots'
Flavor: r-devel-windows-x86_64-new-TK