CRAN Package Check Results for Package latex2exp

Last updated on 2021-11-30 05:53:22 CET.

Flavor Version Tinstall Tcheck Ttotal Status Flags
r-devel-linux-x86_64-debian-clang 0.5.0 2.61 28.98 31.59 NOTE
r-devel-linux-x86_64-debian-gcc 0.5.0 1.81 22.85 24.66 NOTE
r-devel-linux-x86_64-fedora-clang 0.5.0 49.69 NOTE
r-devel-linux-x86_64-fedora-gcc 0.5.0 37.75 NOTE
r-devel-windows-x86_64-new-UL 0.5.0 9.00 72.00 81.00 NOTE
r-devel-windows-x86_64-new-TK 0.5.0 NOTE
r-devel-windows-x86_64-old 0.5.0 4.00 38.00 42.00 NOTE
r-patched-linux-x86_64 0.5.0 2.64 27.45 30.09 NOTE
r-patched-solaris-x86 0.5.0 54.70 NOTE
r-release-linux-x86_64 0.5.0 2.23 27.65 29.88 NOTE
r-release-macos-arm64 0.5.0 NOTE
r-release-macos-x86_64 0.5.0 NOTE
r-release-windows-ix86+x86_64 0.5.0 5.00 35.00 40.00 NOTE
r-oldrel-macos-x86_64 0.5.0 OK
r-oldrel-windows-ix86+x86_64 0.5.0 5.00 33.00 38.00 OK

Check Details

Version: 0.5.0
Check: LazyData
Result: NOTE
     'LazyData' is specified without a 'data' directory
Flavors: r-devel-linux-x86_64-debian-clang, r-devel-linux-x86_64-debian-gcc, r-devel-linux-x86_64-fedora-clang, r-devel-linux-x86_64-fedora-gcc, r-devel-windows-x86_64-new-UL, r-devel-windows-x86_64-new-TK, r-devel-windows-x86_64-old, r-patched-linux-x86_64, r-patched-solaris-x86, r-release-linux-x86_64, r-release-macos-arm64, r-release-macos-x86_64, r-release-windows-ix86+x86_64