Last updated on 2019-12-09 05:47:17 CET.
Flavor | Version | Tinstall | Tcheck | Ttotal | Status | Flags |
---|---|---|---|---|---|---|
r-devel-linux-x86_64-debian-clang | 1.6.6 | 37.95 | 286.02 | 323.97 | NOTE | |
r-devel-linux-x86_64-debian-gcc | 1.6.6 | 33.36 | 212.28 | 245.64 | NOTE | |
r-devel-linux-x86_64-fedora-clang | 1.6.6 | 376.45 | NOTE | |||
r-devel-linux-x86_64-fedora-gcc | 1.6.6 | 360.10 | NOTE | |||
r-devel-windows-ix86+x86_64 | 1.6.6 | 44.00 | 361.00 | 405.00 | OK | |
r-devel-windows-ix86+x86_64-gcc8 | 1.6.6 | 51.00 | 320.00 | 371.00 | OK | |
r-patched-linux-x86_64 | 1.6.6 | 36.89 | 253.29 | 290.18 | NOTE | |
r-patched-solaris-x86 | 1.6.6 | 426.70 | NOTE | |||
r-release-linux-x86_64 | 1.6.6 | 32.05 | 254.13 | 286.18 | NOTE | |
r-release-windows-ix86+x86_64 | 1.6.6 | 74.00 | 253.00 | 327.00 | OK | |
r-release-osx-x86_64 | 1.6.6 | NOTE | ||||
r-oldrel-windows-ix86+x86_64 | 1.6.6 | 41.00 | 226.00 | 267.00 | OK | |
r-oldrel-osx-x86_64 | 1.6.6 | OK |
Version: 1.6.6
Check: package dependencies
Result: NOTE
Package suggested but not available for checking: 'gof'
Flavors: r-devel-linux-x86_64-debian-clang, r-devel-linux-x86_64-debian-gcc, r-devel-linux-x86_64-fedora-clang, r-devel-linux-x86_64-fedora-gcc, r-patched-linux-x86_64, r-patched-solaris-x86, r-release-linux-x86_64
Version: 1.6.6
Check: package dependencies
Result: NOTE
Packages suggested but not available for checking: 'Rgraphviz', 'graph'
Flavor: r-release-osx-x86_64