CRAN Package Check Results for Package lava

Last updated on 2019-08-19 05:46:26 CEST.

Flavor Version Tinstall Tcheck Ttotal Status Flags
r-devel-linux-x86_64-debian-clang 1.6.6 32.45 257.87 290.32 OK
r-devel-linux-x86_64-debian-gcc 1.6.6 28.71 192.89 221.60 OK
r-devel-linux-x86_64-fedora-clang 1.6.6 335.68 OK
r-devel-linux-x86_64-fedora-gcc 1.6.6 337.48 OK
r-devel-windows-ix86+x86_64 1.6.6 69.00 340.00 409.00 OK
r-patched-linux-x86_64 1.6.6 33.05 254.71 287.76 OK
r-patched-solaris-x86 1.6.6 424.70 OK
r-release-linux-x86_64 1.6.6 29.89 254.72 284.61 OK
r-release-windows-ix86+x86_64 1.6.6 50.00 243.00 293.00 OK
r-release-osx-x86_64 1.6.6 NOTE
r-oldrel-windows-ix86+x86_64 1.6.6 56.00 308.00 364.00 OK
r-oldrel-osx-x86_64 1.6.6 OK

Check Details

Version: 1.6.6
Check: package dependencies
Result: NOTE
    Packages suggested but not available for checking: 'Rgraphviz', 'graph'
Flavor: r-release-osx-x86_64