CRAN Package Check Results for Package lavaanPlot

Last updated on 2021-11-30 05:53:22 CET.

Flavor Version Tinstall Tcheck Ttotal Status Flags
r-devel-linux-x86_64-debian-clang 0.6.2 3.24 34.35 37.59 OK
r-devel-linux-x86_64-debian-gcc 0.6.2 2.37 27.05 29.42 OK
r-devel-linux-x86_64-fedora-clang 0.6.2 57.59 OK
r-devel-linux-x86_64-fedora-gcc 0.6.2 45.07 OK
r-devel-windows-x86_64-new-UL 0.6.2 11.00 79.00 90.00 OK
r-devel-windows-x86_64-new-TK 0.6.2 OK
r-devel-windows-x86_64-old 0.6.2 7.00 44.00 51.00 OK
r-patched-linux-x86_64 0.6.2 3.49 33.33 36.82 OK
r-patched-solaris-x86 0.6.2 68.60 NOTE
r-release-linux-x86_64 0.6.2 3.30 33.52 36.82 OK
r-release-macos-arm64 0.6.2 OK
r-release-macos-x86_64 0.6.2 OK
r-release-windows-ix86+x86_64 0.6.2 8.00 45.00 53.00 OK
r-oldrel-macos-x86_64 0.6.2 OK
r-oldrel-windows-ix86+x86_64 0.6.2 7.00 58.00 65.00 OK

Check Details

Version: 0.6.2
Check: package dependencies
Result: NOTE
    Package suggested but not available for checking: ‘rsvg’
Flavor: r-patched-solaris-x86