CRAN Package Check Results for Package lazyData

Last updated on 2024-06-16 06:58:49 CEST.

Flavor Version Tinstall Tcheck Ttotal Status Flags
r-devel-linux-x86_64-debian-clang 1.1.0 1.73 22.67 24.40 NOTE
r-devel-linux-x86_64-debian-gcc 1.1.0 1.52 17.53 19.05 NOTE
r-devel-linux-x86_64-fedora-clang 1.1.0 30.86 OK
r-devel-linux-x86_64-fedora-gcc 1.1.0 28.88 OK
r-devel-windows-x86_64 1.1.0 3.00 38.00 41.00 OK
r-patched-linux-x86_64 1.1.0 2.04 21.29 23.33 NOTE
r-release-linux-x86_64 1.1.0 1.83 21.23 23.06 NOTE
r-release-macos-arm64 1.1.0 14.00 OK
r-release-macos-x86_64 1.1.0 19.00 OK
r-release-windows-x86_64 1.1.0 3.00 40.00 43.00 OK
r-oldrel-macos-arm64 1.1.0 15.00 OK
r-oldrel-macos-x86_64 1.1.0 19.00 OK
r-oldrel-windows-x86_64 1.1.0 2.00 39.00 41.00 OK

Check Details

Version: 1.1.0
Check: R code for possible problems
Result: NOTE Found the following calls to attach(): File ‘lazyData/R/requireData.R’: attach(NULL, pos = pos, name = searchDataName) See section ‘Good practice’ in ‘?attach’. Flavors: r-devel-linux-x86_64-debian-clang, r-devel-linux-x86_64-debian-gcc, r-patched-linux-x86_64, r-release-linux-x86_64