Last updated on 2023-02-04 05:53:01 CET.
Flavor | Version | Tinstall | Tcheck | Ttotal | Status | Flags |
---|---|---|---|---|---|---|
r-devel-linux-x86_64-debian-clang | 2.0.0 | 167.33 | 527.92 | 695.25 | OK | |
r-devel-linux-x86_64-debian-gcc | 2.0.0 | 128.23 | 365.40 | 493.63 | OK | |
r-devel-linux-x86_64-fedora-clang | 2.0.0 | 819.54 | OK | |||
r-devel-linux-x86_64-fedora-gcc | 2.0.0 | 834.18 | OK | |||
r-devel-windows-x86_64 | 2.0.0 | 180.00 | 583.00 | 763.00 | OK | |
r-patched-linux-x86_64 | 2.0.0 | 139.73 | 511.27 | 651.00 | OK | |
r-release-linux-x86_64 | 2.0.0 | 132.29 | 492.89 | 625.18 | OK | |
r-release-macos-arm64 | 2.0.0 | 276.00 | NOTE | |||
r-release-macos-x86_64 | 2.0.0 | 297.00 | NOTE | |||
r-release-windows-x86_64 | 2.0.0 | 144.00 | 598.00 | 742.00 | OK | |
r-oldrel-macos-arm64 | 2.0.0 | 254.00 | NOTE | |||
r-oldrel-macos-x86_64 | 2.0.0 | 295.00 | NOTE | |||
r-oldrel-windows-ix86+x86_64 | 2.0.0 | 282.00 | 649.00 | 931.00 | NOTE |
Version: 2.0.0
Check: installed package size
Result: NOTE
installed size is 6.0Mb
sub-directories of 1Mb or more:
R 2.0Mb
doc 1.7Mb
libs 1.8Mb
Flavors: r-release-macos-arm64, r-release-macos-x86_64, r-oldrel-macos-arm64, r-oldrel-macos-x86_64, r-oldrel-windows-ix86+x86_64