CRAN Package Check Results for Package leanpubr

Last updated on 2024-06-13 06:58:06 CEST.

Flavor Version Tinstall Tcheck Ttotal Status Flags
r-devel-linux-x86_64-debian-clang 0.3.1 2.88 37.62 40.50 NOTE
r-devel-linux-x86_64-debian-gcc 0.3.1 2.44 28.98 31.42 ERROR
r-devel-linux-x86_64-fedora-clang 0.3.1 53.09 NOTE
r-devel-linux-x86_64-fedora-gcc 0.3.1 62.64 NOTE
r-devel-windows-x86_64 0.3.1 4.00 58.00 62.00 NOTE
r-patched-linux-x86_64 0.3.1 6.62 37.48 44.10 NOTE
r-release-linux-x86_64 0.3.1 3.54 37.05 40.59 NOTE
r-release-macos-arm64 0.3.1 27.00 NOTE
r-release-macos-x86_64 0.3.1 46.00 NOTE
r-release-windows-x86_64 0.3.1 4.00 62.00 66.00 NOTE
r-oldrel-macos-arm64 0.3.1 29.00 NOTE
r-oldrel-macos-x86_64 0.3.1 38.00 NOTE
r-oldrel-windows-x86_64 0.3.1 5.00 61.00 66.00 NOTE

Check Details

Version: 0.3.1
Check: LazyData
Result: NOTE 'LazyData' is specified without a 'data' directory Flavors: r-devel-linux-x86_64-debian-clang, r-devel-linux-x86_64-debian-gcc, r-devel-linux-x86_64-fedora-clang, r-devel-linux-x86_64-fedora-gcc, r-devel-windows-x86_64, r-patched-linux-x86_64, r-release-linux-x86_64, r-release-macos-arm64, r-release-macos-x86_64, r-release-windows-x86_64, r-oldrel-macos-arm64, r-oldrel-macos-x86_64, r-oldrel-windows-x86_64

Version: 0.3.1
Check: package dependencies
Result: NOTE Package suggested but not available for checking: ‘testthat’ Flavor: r-devel-linux-x86_64-debian-gcc

Version: 0.3.1
Check: tests
Result: ERROR Running ‘testthat.R’ [0s/1s] Running the tests in ‘tests/testthat.R’ failed. Complete output: > library(testthat) Error in library(testthat) : there is no package called 'testthat' Execution halted Flavor: r-devel-linux-x86_64-debian-gcc