CRAN Package Check Results for Package learnr

Last updated on 2022-01-25 05:54:47 CET.

Flavor Version Tinstall Tcheck Ttotal Status Flags
r-devel-linux-x86_64-debian-clang 0.10.1 6.85 87.22 94.07 NOTE
r-devel-linux-x86_64-debian-gcc 0.10.1 5.79 66.61 72.40 NOTE
r-devel-linux-x86_64-fedora-clang 0.10.1 117.98 NOTE
r-devel-linux-x86_64-fedora-gcc 0.10.1 112.46 NOTE
r-devel-windows-x86_64-new-UL 0.10.1 189.00 152.00 341.00 NOTE
r-devel-windows-x86_64-new-TK 0.10.1 NOTE
r-patched-linux-x86_64 0.10.1 7.56 82.99 90.55 NOTE
r-release-linux-x86_64 0.10.1 6.05 81.65 87.70 NOTE
r-release-macos-arm64 0.10.1 NOTE
r-release-macos-x86_64 0.10.1 NOTE
r-release-windows-ix86+x86_64 0.10.1 14.00 105.00 119.00 NOTE
r-oldrel-macos-x86_64 0.10.1 OK
r-oldrel-windows-ix86+x86_64 0.10.1 15.00 106.00 121.00 OK

Check Details

Version: 0.10.1
Check: LazyData
Result: NOTE
     'LazyData' is specified without a 'data' directory
Flavors: r-devel-linux-x86_64-debian-clang, r-devel-linux-x86_64-debian-gcc, r-devel-linux-x86_64-fedora-clang, r-devel-linux-x86_64-fedora-gcc, r-devel-windows-x86_64-new-UL, r-devel-windows-x86_64-new-TK, r-patched-linux-x86_64, r-release-linux-x86_64, r-release-macos-arm64, r-release-macos-x86_64, r-release-windows-ix86+x86_64