CRAN Package Check Results for Package lefse

Last updated on 2019-02-20 05:49:48 CET.

Flavor Version Tinstall Tcheck Ttotal Status Flags
r-devel-linux-x86_64-debian-clang 0.1 4.94 80.64 85.58 NOTE
r-devel-linux-x86_64-debian-gcc 0.1 5.51 66.22 71.73 NOTE
r-devel-linux-x86_64-fedora-clang 0.1 108.78 NOTE
r-devel-linux-x86_64-fedora-gcc 0.1 101.75 NOTE
r-devel-windows-ix86+x86_64 0.1 17.00 89.00 106.00 NOTE
r-patched-linux-x86_64 0.1 NOTE
r-patched-solaris-x86 0.1 156.30 NOTE
r-release-linux-x86_64 0.1 6.26 77.49 83.75 NOTE
r-release-windows-ix86+x86_64 0.1 12.00 128.00 140.00 NOTE
r-release-osx-x86_64 0.1 NOTE
r-oldrel-windows-ix86+x86_64 0.1 19.00 102.00 121.00 NOTE
r-oldrel-osx-x86_64 0.1 NOTE

Check Details

Version: 0.1
Check: R code for possible problems
Result: NOTE
    Fmntd.a : Fmntd.a.sub: no visible global function definition for
     ‘weighted.mean’
    Fmpd : Fmpd.sub: no visible global function definition for ‘as.dist’
    Fmpd.a : Fmpd.a.sub: no visible global function definition for
     ‘weighted.mean’
    Fsntd : Fsntd.sub: no visible global function definition for ‘sd’
    com.trait.moments : skewness: no visible global function definition for
     ‘var’
    com.trait.moments : kurtosis: no visible global function definition for
     ‘var’
    com.trait.moments : sd.funk: no visible global function definition for
     ‘sd’
    com.trait.weighted : weight.mean.funk: no visible global function
     definition for ‘weighted.mean’
    Undefined global functions or variables:
     as.dist sd var weighted.mean
    Consider adding
     importFrom("stats", "as.dist", "sd", "var", "weighted.mean")
    to your NAMESPACE file.
Flavors: r-devel-linux-x86_64-debian-clang, r-devel-linux-x86_64-debian-gcc, r-devel-linux-x86_64-fedora-clang, r-devel-linux-x86_64-fedora-gcc, r-devel-windows-ix86+x86_64, r-patched-linux-x86_64, r-patched-solaris-x86, r-release-linux-x86_64, r-release-windows-ix86+x86_64, r-release-osx-x86_64, r-oldrel-windows-ix86+x86_64, r-oldrel-osx-x86_64