CRAN Package Check Results for Package lefse

Last updated on 2019-08-17 05:46:23 CEST.

Flavor Version Tinstall Tcheck Ttotal Status Flags
r-devel-linux-x86_64-debian-clang 0.1 10.72 82.22 92.94 NOTE
r-devel-linux-x86_64-debian-gcc 0.1 8.36 65.17 73.53 NOTE
r-devel-linux-x86_64-fedora-clang 0.1 108.60 NOTE
r-devel-linux-x86_64-fedora-gcc 0.1 106.36 NOTE
r-devel-windows-ix86+x86_64 0.1 29.00 137.00 166.00 NOTE
r-patched-linux-x86_64 0.1 9.94 78.73 88.67 NOTE
r-patched-solaris-x86 0.1 166.90 NOTE
r-release-linux-x86_64 0.1 9.01 78.76 87.77 NOTE
r-release-windows-ix86+x86_64 0.1 26.00 121.00 147.00 NOTE
r-release-osx-x86_64 0.1 NOTE
r-oldrel-windows-ix86+x86_64 0.1 15.00 124.00 139.00 NOTE
r-oldrel-osx-x86_64 0.1 NOTE

Check Details

Version: 0.1
Check: R code for possible problems
Result: NOTE
    Fmntd.a : Fmntd.a.sub: no visible global function definition for
     'weighted.mean'
    Fmpd : Fmpd.sub: no visible global function definition for 'as.dist'
    Fmpd.a : Fmpd.a.sub: no visible global function definition for
     'weighted.mean'
    Fsntd : Fsntd.sub: no visible global function definition for 'sd'
    com.trait.moments : skewness: no visible global function definition for
     'var'
    com.trait.moments : kurtosis: no visible global function definition for
     'var'
    com.trait.moments : sd.funk: no visible global function definition for
     'sd'
    com.trait.weighted : weight.mean.funk: no visible global function
     definition for 'weighted.mean'
    Undefined global functions or variables:
     as.dist sd var weighted.mean
    Consider adding
     importFrom("stats", "as.dist", "sd", "var", "weighted.mean")
    to your NAMESPACE file.
Flavors: r-devel-linux-x86_64-debian-clang, r-devel-linux-x86_64-debian-gcc, r-devel-linux-x86_64-fedora-clang, r-devel-linux-x86_64-fedora-gcc, r-devel-windows-ix86+x86_64, r-patched-linux-x86_64, r-patched-solaris-x86, r-release-linux-x86_64, r-release-windows-ix86+x86_64, r-release-osx-x86_64, r-oldrel-windows-ix86+x86_64, r-oldrel-osx-x86_64