CRAN Package Check Results for Package legion

Last updated on 2022-09-24 05:51:06 CEST.

Flavor Version Tinstall Tcheck Ttotal Status Flags
r-devel-linux-x86_64-debian-clang 0.1.1 61.42 130.83 192.25 OK
r-devel-linux-x86_64-debian-gcc 0.1.1 47.54 94.35 141.89 OK
r-devel-linux-x86_64-fedora-clang 0.1.1 248.61 OK
r-devel-linux-x86_64-fedora-gcc 0.1.1 242.64 OK
r-devel-windows-x86_64 0.1.1 55.00 172.00 227.00 NOTE
r-patched-linux-x86_64 0.1.1 43.71 124.13 167.84 OK
r-release-linux-x86_64 0.1.1 38.84 120.46 159.30 OK
r-release-macos-arm64 0.1.1 61.00 OK
r-release-macos-x86_64 0.1.1 103.00 OK
r-release-windows-x86_64 0.1.1 53.00 175.00 228.00 NOTE
r-oldrel-macos-arm64 0.1.1 57.00 OK
r-oldrel-macos-x86_64 0.1.1 82.00 OK
r-oldrel-windows-ix86+x86_64 0.1.1 140.00 199.00 339.00 NOTE

Check Details

Version: 0.1.1
Check: package dependencies
Result: NOTE
    Package suggested but not available for checking: 'doMC'
Flavors: r-devel-windows-x86_64, r-release-windows-x86_64, r-oldrel-windows-ix86+x86_64