CRAN Package Check Results for Package leontief

Last updated on 2024-06-13 06:58:06 CEST.

Flavor Version Tinstall Tcheck Ttotal Status Flags
r-devel-linux-x86_64-debian-clang 0.2 29.63 37.78 67.41 NOTE
r-devel-linux-x86_64-debian-gcc 0.3 1.73 22.94 24.67 ERROR
r-devel-linux-x86_64-fedora-clang 0.3 43.91 OK
r-devel-linux-x86_64-fedora-gcc 0.3 54.40 OK
r-devel-windows-x86_64 0.3 4.00 8.00 12.00 ERROR
r-patched-linux-x86_64 0.2 28.84 36.34 65.18 NOTE
r-release-linux-x86_64 0.2 29.12 36.78 65.90 NOTE
r-release-macos-arm64 0.3 25.00 OK
r-release-macos-x86_64 0.3 61.00 OK
r-release-windows-x86_64 0.2 29.00 74.00 103.00 NOTE
r-oldrel-macos-arm64 0.3 29.00 OK
r-oldrel-macos-x86_64 0.3 63.00 OK
r-oldrel-windows-x86_64 0.3 5.00 49.00 54.00 OK

Check Details

Version: 0.2
Check: C++ specification
Result: NOTE Specified C++11: please drop specification unless essential Flavors: r-devel-linux-x86_64-debian-clang, r-patched-linux-x86_64, r-release-linux-x86_64, r-release-windows-x86_64

Version: 0.3
Check: package dependencies
Result: NOTE Packages suggested but not available for checking: 'roxygen2', 'testthat' Flavor: r-devel-linux-x86_64-debian-gcc

Version: 0.3
Check: tests
Result: ERROR Running ‘testthat.R’ [0s/1s] Running the tests in ‘tests/testthat.R’ failed. Complete output: > library(testthat) Error in library(testthat) : there is no package called 'testthat' Execution halted Flavor: r-devel-linux-x86_64-debian-gcc

Version: 0.3
Check: whether package can be installed
Result: ERROR Installation failed. Flavor: r-devel-windows-x86_64