CRAN Package Check Results for Package lfe

Last updated on 2020-02-17 05:47:58 CET.

Flavor Version Tinstall Tcheck Ttotal Status Flags
r-devel-linux-x86_64-debian-clang 2.8-5 21.20 224.49 245.69 OK
r-devel-linux-x86_64-debian-gcc 2.8-5 14.86 177.85 192.71 OK
r-devel-linux-x86_64-fedora-clang 2.8-5 310.27 NOTE
r-devel-linux-x86_64-fedora-gcc 2.8-5 297.14 OK
r-devel-windows-ix86+x86_64 2.8-5 39.00 328.00 367.00 OK
r-devel-windows-ix86+x86_64-gcc8 2.8-5 57.00 427.00 484.00 OK
r-patched-linux-x86_64 2.8-5 16.76 208.48 225.24 OK
r-patched-solaris-x86 2.8-5 299.30 NOTE --no-vignettes
r-release-linux-x86_64 2.8-5 15.44 207.81 223.25 OK
r-release-windows-ix86+x86_64 2.8-5 41.00 315.00 356.00 OK
r-release-osx-x86_64 2.8-5 OK
r-oldrel-windows-ix86+x86_64 2.8-5 30.00 373.00 403.00 OK
r-oldrel-osx-x86_64 2.8-5 OK

Check Details

Version: 2.8-5
Check: package dependencies
Result: NOTE
    Suggests orphaned package: ‘plm’
Flavor: r-devel-linux-x86_64-fedora-clang

Version: 2.8-5
Flags: --no-vignettes
Check: compilation flags used
Result: NOTE
    Compilation used the following non-portable flag(s):
     ‘-mt’
Flavor: r-patched-solaris-x86