CRAN Package Check Results for Package lfe

Last updated on 2019-09-22 05:46:15 CEST.

Flavor Version Tinstall Tcheck Ttotal Status Flags
r-devel-linux-x86_64-debian-clang 2.8-3 17.50 201.68 219.18 OK
r-devel-linux-x86_64-debian-gcc 2.8-3 13.49 166.74 180.23 OK
r-devel-linux-x86_64-fedora-clang 2.8-3 275.29 OK
r-devel-linux-x86_64-fedora-gcc 2.8-3 284.71 OK
r-devel-windows-ix86+x86_64 2.8-3 50.00 390.00 440.00 OK
r-patched-linux-x86_64 2.8-3 15.56 207.48 223.04 OK
r-patched-solaris-x86 2.8-3 297.20 NOTE --no-vignettes
r-release-linux-x86_64 2.8-3 14.68 206.65 221.33 OK
r-release-windows-ix86+x86_64 2.8-3 40.00 283.00 323.00 OK
r-release-osx-x86_64 2.8-3 OK
r-oldrel-windows-ix86+x86_64 2.8-3 29.00 275.00 304.00 OK
r-oldrel-osx-x86_64 2.8-3 OK

Check Details

Version: 2.8-3
Flags: --no-vignettes
Check: compilation flags used
Result: NOTE
    Compilation used the following non-portable flag(s):
     ‘-mt’
Flavor: r-patched-solaris-x86