CRAN Package Check Results for Package lfmm

Last updated on 2020-12-02 05:48:08 CET.

Flavor Version Tinstall Tcheck Ttotal Status Flags
r-devel-linux-x86_64-debian-clang 1.0 57.82 184.09 241.91 OK
r-devel-linux-x86_64-debian-gcc 1.0 31.14 138.50 169.64 OK
r-devel-linux-x86_64-fedora-clang 1.0 295.45 NOTE
r-devel-linux-x86_64-fedora-gcc 1.0 282.33 NOTE
r-devel-windows-ix86+x86_64 1.0 94.00 279.00 373.00 OK
r-patched-linux-x86_64 1.0 37.91 194.12 232.03 OK
r-patched-solaris-x86 1.0 631.70 NOTE
r-release-linux-x86_64 1.0 38.76 193.61 232.37 OK
r-release-macos-x86_64 1.0 NOTE
r-release-windows-ix86+x86_64 1.0 68.00 291.00 359.00 OK
r-oldrel-macos-x86_64 1.0 NOTE
r-oldrel-windows-ix86+x86_64 1.0 81.00 276.00 357.00 OK

Check Details

Version: 1.0
Check: installed package size
Result: NOTE
     installed size is 12.3Mb
     sub-directories of 1Mb or more:
     data 1.8Mb
     libs 10.0Mb
Flavors: r-devel-linux-x86_64-fedora-clang, r-release-macos-x86_64, r-oldrel-macos-x86_64

Version: 1.0
Check: dependencies in R code
Result: NOTE
    Namespaces in Imports field not imported from:
     ‘ggplot2’ ‘knitr’ ‘purrr’ ‘rmarkdown’
     All declared Imports should be used.
Flavors: r-devel-linux-x86_64-fedora-clang, r-devel-linux-x86_64-fedora-gcc, r-patched-solaris-x86, r-release-macos-x86_64, r-oldrel-macos-x86_64