CRAN Package Check Results for Package lg

Last updated on 2024-06-22 06:50:49 CEST.

Flavor Version Tinstall Tcheck Ttotal Status Flags
r-devel-linux-x86_64-debian-clang 0.4.1 5.44 52.93 58.37 NOTE
r-devel-linux-x86_64-debian-gcc 0.4.1 4.37 38.68 43.05 NOTE
r-devel-linux-x86_64-fedora-clang 0.4.1 71.59 NOTE
r-devel-linux-x86_64-fedora-gcc 0.4.1 67.84 NOTE
r-devel-windows-x86_64 0.4.1 6.00 63.00 69.00 NOTE
r-patched-linux-x86_64 0.4.1 6.31 48.55 54.86 NOTE
r-release-linux-x86_64 0.4.1 3.74 50.14 53.88 NOTE
r-release-macos-arm64 0.4.1 23.00 NOTE
r-release-macos-x86_64 0.4.1 37.00 NOTE
r-release-windows-x86_64 0.4.1 7.00 63.00 70.00 NOTE
r-oldrel-macos-arm64 0.4.1 25.00 NOTE
r-oldrel-macos-x86_64 0.4.1 36.00 NOTE
r-oldrel-windows-x86_64 0.4.1 8.00 70.00 78.00 NOTE

Check Details

Version: 0.4.1
Check: LazyData
Result: NOTE 'LazyData' is specified without a 'data' directory Flavors: r-devel-linux-x86_64-debian-clang, r-devel-linux-x86_64-debian-gcc, r-devel-linux-x86_64-fedora-clang, r-devel-linux-x86_64-fedora-gcc, r-devel-windows-x86_64, r-patched-linux-x86_64, r-release-linux-x86_64, r-release-macos-arm64, r-release-macos-x86_64, r-release-windows-x86_64, r-oldrel-macos-arm64, r-oldrel-macos-x86_64, r-oldrel-windows-x86_64