CRAN Package Check Results for Package linkspotter

Last updated on 2022-09-24 05:51:07 CEST.

Flavor Version Tinstall Tcheck Ttotal Status Flags
r-devel-linux-x86_64-debian-clang 1.3.0 9.54 110.79 120.33 NOTE
r-devel-linux-x86_64-debian-gcc 1.3.0 8.51 82.20 90.71 NOTE
r-devel-linux-x86_64-fedora-clang 1.3.0 153.48 NOTE
r-devel-linux-x86_64-fedora-gcc 1.3.0 150.02 NOTE
r-devel-windows-x86_64 1.3.0 39.00 138.00 177.00 NOTE
r-patched-linux-x86_64 1.3.0 10.62 104.81 115.43 NOTE
r-release-linux-x86_64 1.3.0 9.08 105.06 114.14 NOTE
r-release-macos-arm64 1.3.0 34.00 NOTE
r-release-macos-x86_64 1.3.0 83.00 NOTE
r-release-windows-x86_64 1.3.0 37.00 135.00 172.00 NOTE
r-oldrel-macos-arm64 1.3.0 82.00 NOTE
r-oldrel-macos-x86_64 1.3.0 64.00 NOTE
r-oldrel-windows-ix86+x86_64 1.3.0 24.00 141.00 165.00 NOTE

Check Details

Version: 1.3.0
Check: LazyData
Result: NOTE
     'LazyData' is specified without a 'data' directory
Flavors: r-devel-linux-x86_64-debian-clang, r-devel-linux-x86_64-debian-gcc, r-devel-linux-x86_64-fedora-clang, r-devel-linux-x86_64-fedora-gcc, r-devel-windows-x86_64, r-patched-linux-x86_64, r-release-linux-x86_64, r-release-macos-arm64, r-release-macos-x86_64, r-release-windows-x86_64, r-oldrel-macos-arm64, r-oldrel-macos-x86_64, r-oldrel-windows-ix86+x86_64