Last updated on 2023-10-01 06:53:11 CEST.
Flavor | Version | Tinstall | Tcheck | Ttotal | Status | Flags |
---|---|---|---|---|---|---|
r-devel-linux-x86_64-debian-clang | 1.3.0 | 10.94 | 103.77 | 114.71 | NOTE | |
r-devel-linux-x86_64-debian-gcc | 1.3.0 | 8.74 | 76.35 | 85.09 | NOTE | |
r-devel-linux-x86_64-fedora-clang | 1.3.0 | 134.75 | NOTE | |||
r-devel-linux-x86_64-fedora-gcc | 1.3.0 | 145.05 | NOTE | |||
r-devel-windows-x86_64 | 1.3.0 | 10.00 | 95.00 | 105.00 | NOTE | |
r-patched-linux-x86_64 | 1.3.0 | 7.80 | 97.58 | 105.38 | NOTE | |
r-release-linux-x86_64 | 1.3.0 | 6.51 | 97.87 | 104.38 | NOTE | |
r-release-macos-arm64 | 1.3.0 | 44.00 | NOTE | |||
r-release-macos-x86_64 | 1.3.0 | 82.00 | NOTE | |||
r-release-windows-x86_64 | 1.3.0 | 14.00 | 114.00 | 128.00 | NOTE | |
r-oldrel-macos-arm64 | 1.3.0 | 34.00 | NOTE | |||
r-oldrel-macos-x86_64 | 1.3.0 | 83.00 | NOTE | |||
r-oldrel-windows-x86_64 | 1.3.0 | 14.00 | 118.00 | 132.00 | NOTE |
Version: 1.3.0
Check: LazyData
Result: NOTE
'LazyData' is specified without a 'data' directory
Flavors: r-devel-linux-x86_64-debian-clang, r-devel-linux-x86_64-debian-gcc, r-devel-linux-x86_64-fedora-clang, r-devel-linux-x86_64-fedora-gcc, r-devel-windows-x86_64, r-patched-linux-x86_64, r-release-linux-x86_64, r-release-macos-arm64, r-release-macos-x86_64, r-release-windows-x86_64, r-oldrel-macos-arm64, r-oldrel-macos-x86_64, r-oldrel-windows-x86_64