CRAN Package Check Results for Package lisp

Last updated on 2021-01-15 05:48:53 CET.

Flavor Version Tinstall Tcheck Ttotal Status Flags
r-devel-linux-x86_64-debian-clang 0.1 2.08 20.35 22.43 NOTE
r-devel-linux-x86_64-debian-gcc 0.1 1.53 16.58 18.11 NOTE
r-devel-linux-x86_64-fedora-clang 0.1 36.62 NOTE
r-devel-linux-x86_64-fedora-gcc 0.1 27.48 NOTE
r-devel-windows-ix86+x86_64 0.1 4.00 38.00 42.00 NOTE
r-patched-linux-x86_64 0.1 2.08 20.25 22.33 NOTE
r-patched-solaris-x86 0.1 42.70 NOTE
r-release-linux-x86_64 0.1 1.93 19.74 21.67 NOTE
r-release-macos-x86_64 0.1 NOTE
r-release-windows-ix86+x86_64 0.1 4.00 26.00 30.00 NOTE
r-oldrel-macos-x86_64 0.1 NOTE
r-oldrel-windows-ix86+x86_64 0.1 3.00 27.00 30.00 NOTE

Check Details

Version: 0.1
Check: top-level files
Result: NOTE
    Non-standard file/directory found at top level:
     'package.R'
Flavors: r-devel-linux-x86_64-debian-clang, r-devel-linux-x86_64-debian-gcc, r-devel-linux-x86_64-fedora-clang, r-devel-linux-x86_64-fedora-gcc, r-patched-linux-x86_64, r-release-linux-x86_64

Version: 0.1
Check: R code for possible problems
Result: NOTE
    last: no visible global function definition for 'tail'
    Undefined global functions or variables:
     tail
    Consider adding
     importFrom("utils", "tail")
    to your NAMESPACE file.
Flavors: r-devel-linux-x86_64-debian-clang, r-devel-linux-x86_64-debian-gcc, r-devel-linux-x86_64-fedora-clang, r-devel-linux-x86_64-fedora-gcc, r-devel-windows-ix86+x86_64, r-patched-linux-x86_64, r-patched-solaris-x86, r-release-linux-x86_64, r-release-macos-x86_64, r-release-windows-ix86+x86_64, r-oldrel-macos-x86_64, r-oldrel-windows-ix86+x86_64