CRAN Package Check Results for Package liver

Last updated on 2022-01-26 05:54:20 CET.

Flavor Version Tinstall Tcheck Ttotal Status Flags
r-devel-linux-x86_64-debian-clang 1.10 2.74 52.19 54.93 OK
r-devel-linux-x86_64-debian-gcc 1.10 2.16 40.46 42.62 OK
r-devel-linux-x86_64-fedora-clang 1.10 66.97 NOTE
r-devel-linux-x86_64-fedora-gcc 1.10 56.15 NOTE
r-devel-windows-x86_64-new-UL 1.10 39.00 80.00 119.00 OK
r-devel-windows-x86_64-new-TK 1.10 NOTE
r-patched-linux-x86_64 1.10 3.78 47.93 51.71 OK
r-release-linux-x86_64 1.10 2.62 47.91 50.53 OK
r-release-macos-arm64 1.10 NOTE
r-release-macos-x86_64 1.10 NOTE
r-release-windows-ix86+x86_64 1.10 7.00 63.00 70.00 OK
r-oldrel-macos-x86_64 1.10 NOTE
r-oldrel-windows-ix86+x86_64 1.10 8.00 64.00 72.00 OK

Check Details

Version: 1.10
Check: data for non-ASCII characters
Result: NOTE
     Note: found 266 marked UTF-8 strings
Flavors: r-devel-linux-x86_64-fedora-clang, r-devel-linux-x86_64-fedora-gcc, r-devel-windows-x86_64-new-TK, r-release-macos-arm64, r-release-macos-x86_64, r-oldrel-macos-x86_64