CRAN Package Check Results for Package lmQCM

Last updated on 2021-10-20 05:50:47 CEST.

Flavor Version Tinstall Tcheck Ttotal Status Flags
r-devel-linux-x86_64-debian-clang 0.2.3 24.48 216.19 240.67 NOTE
r-devel-linux-x86_64-debian-gcc 0.2.3 20.47 163.62 184.09 NOTE
r-devel-linux-x86_64-fedora-clang 0.2.3 297.74 NOTE
r-devel-linux-x86_64-fedora-gcc 0.2.3 279.01 NOTE
r-devel-windows-x86_64 0.2.3 40.00 236.00 276.00 NOTE
r-devel-windows-x86_64-gcc10-UCRT 0.2.3 ERROR
r-patched-linux-x86_64 0.2.3 20.90 205.06 225.96 NOTE
r-patched-solaris-x86 0.2.3 401.80 NOTE
r-release-linux-x86_64 0.2.3 18.44 207.38 225.82 NOTE
r-release-macos-arm64 0.2.3 NOTE
r-release-macos-x86_64 0.2.3 NOTE
r-release-windows-ix86+x86_64 0.2.3 39.00 231.00 270.00 NOTE
r-oldrel-macos-x86_64 0.2.3 OK
r-oldrel-windows-ix86+x86_64 0.2.3 44.00 200.00 244.00 OK

Check Details

Version: 0.2.3
Check: LazyData
Result: NOTE
     'LazyData' is specified without a 'data' directory
Flavors: r-devel-linux-x86_64-debian-clang, r-devel-linux-x86_64-debian-gcc, r-devel-linux-x86_64-fedora-clang, r-devel-linux-x86_64-fedora-gcc, r-devel-windows-x86_64, r-patched-linux-x86_64, r-patched-solaris-x86, r-release-linux-x86_64, r-release-macos-arm64, r-release-macos-x86_64, r-release-windows-ix86+x86_64

Version: 0.2.3
Check: package dependencies
Result: ERROR
    Package required but not available: 'genefilter'
    
    See section 'The DESCRIPTION file' in the 'Writing R Extensions'
    manual.
Flavor: r-devel-windows-x86_64-gcc10-UCRT