CRAN Package Check Results for Package lmds

Last updated on 2024-06-25 07:06:24 CEST.

Flavor Version Tinstall Tcheck Ttotal Status Flags
r-devel-linux-x86_64-debian-clang 0.1.0 10.98 95.96 106.94 NOTE
r-devel-linux-x86_64-debian-gcc 0.1.0 7.91 70.80 78.71 NOTE
r-devel-linux-x86_64-fedora-clang 0.1.0 133.76 NOTE
r-devel-linux-x86_64-fedora-gcc 0.1.0 125.00 NOTE
r-devel-windows-x86_64 0.1.0 9.00 82.00 91.00 NOTE
r-patched-linux-x86_64 0.1.0 7.29 92.40 99.69 NOTE
r-release-linux-x86_64 0.1.0 10.35 91.72 102.07 NOTE
r-release-macos-arm64 0.1.0 40.00 NOTE
r-release-macos-x86_64 0.1.0 66.00 NOTE
r-release-windows-x86_64 0.1.0 10.00 85.00 95.00 NOTE
r-oldrel-macos-arm64 0.1.0 41.00 NOTE
r-oldrel-macos-x86_64 0.1.0 73.00 NOTE
r-oldrel-windows-x86_64 0.1.0 13.00 100.00 113.00 NOTE

Check Details

Version: 0.1.0
Check: LazyData
Result: NOTE 'LazyData' is specified without a 'data' directory Flavors: r-devel-linux-x86_64-debian-clang, r-devel-linux-x86_64-debian-gcc, r-devel-linux-x86_64-fedora-clang, r-devel-linux-x86_64-fedora-gcc, r-devel-windows-x86_64, r-patched-linux-x86_64, r-release-linux-x86_64, r-release-macos-arm64, r-release-macos-x86_64, r-release-windows-x86_64, r-oldrel-macos-arm64, r-oldrel-macos-x86_64, r-oldrel-windows-x86_64

Version: 0.1.0
Check: dependencies in R code
Result: NOTE Namespace in Imports field not imported from: ‘Matrix’ All declared Imports should be used. Flavors: r-devel-linux-x86_64-fedora-clang, r-devel-linux-x86_64-fedora-gcc