CRAN Package Check Results for Package lmviz

Last updated on 2024-06-25 07:06:24 CEST.

Flavor Version Tinstall Tcheck Ttotal Status Flags
r-devel-linux-x86_64-debian-clang 0.2.0 9.49 90.60 100.09 NOTE
r-devel-linux-x86_64-debian-gcc 0.2.0 9.24 68.55 77.79 NOTE
r-devel-linux-x86_64-fedora-clang 0.2.0 124.98 NOTE
r-devel-linux-x86_64-fedora-gcc 0.2.0 117.75 NOTE
r-devel-windows-x86_64 0.2.0 11.00 83.00 94.00 NOTE
r-patched-linux-x86_64 0.2.0 8.54 86.08 94.62 NOTE
r-release-linux-x86_64 0.2.0 7.23 86.46 93.69 NOTE
r-release-macos-arm64 0.2.0 35.00 NOTE
r-release-macos-x86_64 0.2.0 52.00 NOTE
r-release-windows-x86_64 0.2.0 12.00 84.00 96.00 NOTE
r-oldrel-macos-arm64 0.2.0 39.00 NOTE
r-oldrel-macos-x86_64 0.2.0 61.00 NOTE
r-oldrel-windows-x86_64 0.2.0 13.00 97.00 110.00 NOTE

Check Details

Version: 0.2.0
Check: LazyData
Result: NOTE 'LazyData' is specified without a 'data' directory Flavors: r-devel-linux-x86_64-debian-clang, r-devel-linux-x86_64-debian-gcc, r-devel-linux-x86_64-fedora-clang, r-devel-linux-x86_64-fedora-gcc, r-devel-windows-x86_64, r-patched-linux-x86_64, r-release-linux-x86_64, r-release-macos-arm64, r-release-macos-x86_64, r-release-windows-x86_64, r-oldrel-macos-arm64, r-oldrel-macos-x86_64, r-oldrel-windows-x86_64

Version: 0.2.0
Check: dependencies in R code
Result: NOTE Namespace in Imports field not imported from: ‘shinyjs’ All declared Imports should be used. Flavors: r-devel-linux-x86_64-fedora-clang, r-devel-linux-x86_64-fedora-gcc