CRAN Package Check Results for Package locStra

Last updated on 2024-06-16 06:58:50 CEST.

Flavor Version Tinstall Tcheck Ttotal Status Flags
r-devel-linux-x86_64-debian-clang 1.9 77.42 104.69 182.11 OK
r-devel-linux-x86_64-debian-gcc 1.9 66.25 82.60 148.85 OK
r-devel-linux-x86_64-fedora-clang 1.9 151.49 OK
r-devel-linux-x86_64-fedora-gcc 1.9 262.88 OK
r-devel-windows-x86_64 1.9 56.00 111.00 167.00 OK
r-patched-linux-x86_64 1.9 63.74 105.72 169.46 OK
r-release-linux-x86_64 1.9 59.46 106.42 165.88 OK
r-release-macos-arm64 1.9 66.00 NOTE
r-release-macos-x86_64 1.9 91.00 NOTE
r-release-windows-x86_64 1.9 56.00 116.00 172.00 OK
r-oldrel-macos-arm64 1.9 75.00 NOTE
r-oldrel-macos-x86_64 1.9 112.00 NOTE
r-oldrel-windows-x86_64 1.9 76.00 140.00 216.00 OK

Check Details

Version: 1.9
Check: installed package size
Result: NOTE installed size is 27.9Mb sub-directories of 1Mb or more: libs 27.8Mb Flavors: r-release-macos-arm64, r-release-macos-x86_64, r-oldrel-macos-arm64, r-oldrel-macos-x86_64