CRAN Package Check Results for Package locpolExpectile

Last updated on 2024-06-13 06:58:07 CEST.

Flavor Version Tinstall Tcheck Ttotal Status Flags
r-devel-linux-x86_64-debian-clang 0.1.1 14.95 126.73 141.68 OK
r-devel-linux-x86_64-debian-gcc 0.1.1 10.97 92.23 103.20 NOTE
r-devel-linux-x86_64-fedora-clang 0.1.1 172.84 NOTE
r-devel-linux-x86_64-fedora-gcc 0.1.1 165.04 NOTE
r-devel-windows-x86_64 0.1.1 13.00 102.00 115.00 OK
r-patched-linux-x86_64 0.1.1 15.04 121.44 136.48 OK
r-release-linux-x86_64 0.1.1 15.81 123.05 138.86 OK
r-release-macos-arm64 0.1.1 51.00 OK
r-release-macos-x86_64 0.1.1 78.00 OK
r-release-windows-x86_64 0.1.1 14.00 103.00 117.00 OK
r-oldrel-macos-arm64 0.1.1 66.00 OK
r-oldrel-macos-x86_64 0.1.1 110.00 OK
r-oldrel-windows-x86_64 0.1.1 16.00 123.00 139.00 OK

Check Details

Version: 0.1.1
Check: package dependencies
Result: NOTE Package suggested but not available for checking: ‘testthat’ Flavor: r-devel-linux-x86_64-debian-gcc

Version: 0.1.1
Check: dependencies in R code
Result: NOTE Namespace in Imports field not imported from: ‘lestat’ All declared Imports should be used. Flavors: r-devel-linux-x86_64-fedora-clang, r-devel-linux-x86_64-fedora-gcc