CRAN Package Check Results for Package lolog

Last updated on 2024-06-19 06:58:05 CEST.

Flavor Version Tinstall Tcheck Ttotal Status Flags
r-devel-linux-x86_64-debian-clang 1.3.1 207.66 182.45 390.11 OK --no-vignettes
r-devel-linux-x86_64-debian-gcc 1.3.1 157.59 134.29 291.88 OK --no-vignettes
r-devel-linux-x86_64-fedora-clang 1.3.1 503.66 OK --no-vignettes
r-devel-linux-x86_64-fedora-gcc 1.3.1 569.45 OK --no-vignettes
r-devel-windows-x86_64 1.3.1 164.00 176.00 340.00 OK --no-vignettes
r-patched-linux-x86_64 1.3.1 204.90 174.24 379.14 OK --no-vignettes
r-release-linux-x86_64 1.3.1 189.50 170.48 359.98 OK --no-vignettes
r-release-macos-arm64 1.3.1 1803.00 NOTE
r-release-macos-x86_64 1.3.1 1410.00 NOTE
r-release-windows-x86_64 1.3.1 164.00 224.00 388.00 OK --no-vignettes
r-oldrel-macos-arm64 1.3.1 733.00 NOTE
r-oldrel-macos-x86_64 1.3.1 1624.00 NOTE
r-oldrel-windows-x86_64 1.3.1 204.00 243.00 447.00 OK --no-vignettes

Check Details

Version: 1.3.1
Check: installed package size
Result: NOTE installed size is 19.6Mb sub-directories of 1Mb or more: libs 18.0Mb Flavors: r-release-macos-arm64, r-release-macos-x86_64, r-oldrel-macos-arm64, r-oldrel-macos-x86_64