CRAN Package Check Results for Package longitudinalData

Last updated on 2022-01-22 05:10:21 CET.

Flavor Version Tinstall Tcheck Ttotal Status Flags
r-devel-linux-x86_64-debian-clang 2.4.1 14.82 86.06 100.88 NOTE
r-devel-linux-x86_64-debian-gcc 2.4.1 10.31 65.51 75.82 NOTE
r-devel-linux-x86_64-fedora-clang 2.4.1 124.88 NOTE
r-devel-linux-x86_64-fedora-gcc 2.4.1 114.61 NOTE
r-devel-windows-x86_64-new-UL 2.4.1 241.00 99.00 340.00 OK
r-devel-windows-x86_64-new-TK 2.4.1 OK
r-patched-linux-x86_64 2.4.1 14.66 84.74 99.40 NOTE
r-release-linux-x86_64 2.4.1 14.69 84.62 99.31 NOTE
r-release-macos-arm64 2.4.1 OK
r-release-macos-x86_64 2.4.1 OK
r-release-windows-ix86+x86_64 2.4.1 21.00 93.00 114.00 OK
r-oldrel-macos-x86_64 2.4.1 OK
r-oldrel-windows-ix86+x86_64 2.4.1 21.00 90.00 111.00 OK

Check Details

Version: 2.4.1
Check: for non-standard things in the check directory
Result: NOTE
    Found the following files/directories:
     'main.tex' 'scene.asy'
Flavors: r-devel-linux-x86_64-debian-clang, r-devel-linux-x86_64-debian-gcc, r-devel-linux-x86_64-fedora-clang, r-devel-linux-x86_64-fedora-gcc, r-patched-linux-x86_64, r-release-linux-x86_64