CRAN Package Check Results for Package longurl

Last updated on 2022-05-20 05:54:32 CEST.

Flavor Version Tinstall Tcheck Ttotal Status Flags
r-devel-linux-x86_64-debian-clang 0.3.3 2.25 31.46 33.71 NOTE
r-devel-linux-x86_64-debian-gcc 0.3.3 1.52 24.72 26.24 NOTE
r-devel-linux-x86_64-fedora-clang 0.3.3 40.10 NOTE
r-devel-linux-x86_64-fedora-gcc 0.3.3 38.69 NOTE
r-devel-windows-x86_64 0.3.3 8.00 54.00 62.00 NOTE
r-patched-linux-x86_64 0.3.3 1.73 30.39 32.12 NOTE
r-release-linux-x86_64 0.3.3 1.34 30.71 32.05 NOTE
r-release-macos-arm64 0.3.3 34.00 NOTE
r-release-macos-x86_64 0.3.3 38.00 NOTE
r-release-windows-x86_64 0.3.3 8.00 54.00 62.00 NOTE
r-oldrel-macos-arm64 0.3.3 35.00 NOTE
r-oldrel-macos-x86_64 0.3.3 36.00 NOTE
r-oldrel-windows-ix86+x86_64 0.3.3 5.00 45.00 50.00 NOTE

Check Details

Version: 0.3.3
Check: LazyData
Result: NOTE
     'LazyData' is specified without a 'data' directory
Flavors: r-devel-linux-x86_64-debian-clang, r-devel-linux-x86_64-debian-gcc, r-devel-linux-x86_64-fedora-clang, r-devel-linux-x86_64-fedora-gcc, r-devel-windows-x86_64, r-patched-linux-x86_64, r-release-linux-x86_64, r-release-macos-arm64, r-release-macos-x86_64, r-release-windows-x86_64, r-oldrel-macos-arm64, r-oldrel-macos-x86_64, r-oldrel-windows-ix86+x86_64