CRAN Package Check Results for Package loose.rock

Last updated on 2019-05-19 05:47:56 CEST.

Flavor Version Tinstall Tcheck Ttotal Status Flags
r-devel-linux-x86_64-debian-clang 1.0.13 3.79 62.37 66.16 OK
r-devel-linux-x86_64-debian-gcc 1.0.13 3.43 49.62 53.05 OK
r-devel-linux-x86_64-fedora-clang 1.0.13 81.58 NOTE
r-devel-linux-x86_64-fedora-gcc 1.0.13 79.12 NOTE
r-devel-windows-ix86+x86_64 1.0.13 19.00 346.00 365.00 OK
r-patched-linux-x86_64 1.0.13 4.23 62.07 66.30 OK
r-patched-solaris-x86 1.0.13 117.40 NOTE
r-release-linux-x86_64 1.0.13 3.84 62.40 66.24 OK
r-release-windows-ix86+x86_64 1.0.13 11.00 296.00 307.00 OK
r-release-osx-x86_64 1.0.13 ERROR
r-oldrel-windows-ix86+x86_64 1.0.13 6.00 258.00 264.00 OK
r-oldrel-osx-x86_64 1.0.13 ERROR

Check Details

Version: 1.0.13
Check: dependencies in R code
Result: NOTE
    Namespace in Imports field not imported from: ‘futile.options’
     All declared Imports should be used.
Flavors: r-devel-linux-x86_64-fedora-clang, r-devel-linux-x86_64-fedora-gcc, r-patched-solaris-x86, r-release-osx-x86_64, r-oldrel-osx-x86_64

Version: 1.0.13
Check: package dependencies
Result: NOTE
    Package suggested but not available for checking: ‘biomaRt’
Flavor: r-release-osx-x86_64

Version: 1.0.13
Check: tests
Result: ERROR
     Running ‘testthat.R’ [6s/7s]
    Running the tests in ‘tests/testthat.R’ failed.
    Last 13 lines of output:
     -------------------------------
     genes: 19632
     ── 1. Failure: run.cache base.dir in folder that does not have access (@test-run
     `run.cache(sum, 1, 2, 3, 4, 5, show.message = FALSE, base.dir = "/")` did not produce any warnings.
    
     ── 2. Failure: run.cache base.dir in folder that does not have access (@test-run
     `run.cache(sum, 1, 2, 3, 4, 5, show.message = FALSE, base.dir = "/daca")` did not produce any warnings.
    
     ══ testthat results ═══════════════════════════════════════════════════════════
     OK: 147 SKIPPED: 0 WARNINGS: 0 FAILED: 2
     1. Failure: run.cache base.dir in folder that does not have access (@test-run.cache.R#29)
     2. Failure: run.cache base.dir in folder that does not have access (@test-run.cache.R#40)
    
     Error: testthat unit tests failed
     Execution halted
Flavor: r-release-osx-x86_64

Version: 1.0.13
Check: tests
Result: ERROR
     Running ‘testthat.R’ [10s/55s]
    Running the tests in ‘tests/testthat.R’ failed.
    Last 13 lines of output:
     -------------------------------
     genes: 23238
     ── 1. Failure: run.cache base.dir in folder that does not have access (@test-run
     `run.cache(sum, 1, 2, 3, 4, 5, show.message = FALSE, base.dir = "/")` did not produce any warnings.
    
     ── 2. Failure: run.cache base.dir in folder that does not have access (@test-run
     `run.cache(sum, 1, 2, 3, 4, 5, show.message = FALSE, base.dir = "/daca")` did not produce any warnings.
    
     ══ testthat results ═══════════════════════════════════════════════════════════
     OK: 147 SKIPPED: 0 WARNINGS: 0 FAILED: 2
     1. Failure: run.cache base.dir in folder that does not have access (@test-run.cache.R#29)
     2. Failure: run.cache base.dir in folder that does not have access (@test-run.cache.R#40)
    
     Error: testthat unit tests failed
     Execution halted
Flavor: r-oldrel-osx-x86_64