Last updated on 2022-08-11 05:54:32 CEST.
Flavor | Version | Tinstall | Tcheck | Ttotal | Status | Flags |
---|---|---|---|---|---|---|
r-devel-linux-x86_64-debian-clang | 0.2.1 | 133.72 | 218.88 | 352.60 | OK | |
r-devel-linux-x86_64-debian-gcc | 0.2.1 | 102.13 | 155.55 | 257.68 | OK | |
r-devel-linux-x86_64-fedora-clang | 0.2.1 | 463.11 | OK | |||
r-devel-linux-x86_64-fedora-gcc | 0.2.1 | 441.40 | OK | |||
r-devel-windows-x86_64 | 0.2.1 | 121.00 | 398.00 | 519.00 | OK | |
r-patched-linux-x86_64 | 0.2.1 | 128.36 | 196.85 | 325.21 | OK | |
r-release-linux-x86_64 | 0.2.1 | OK | ||||
r-release-macos-arm64 | 0.2.1 | 160.00 | NOTE | |||
r-release-macos-x86_64 | 0.2.1 | 211.00 | NOTE | |||
r-release-windows-x86_64 | 0.2.1 | 277.00 | 397.00 | 674.00 | OK | |
r-oldrel-macos-arm64 | 0.2.1 | 153.00 | NOTE | |||
r-oldrel-macos-x86_64 | 0.2.1 | 211.00 | NOTE | |||
r-oldrel-windows-ix86+x86_64 | 0.2.1 | 331.00 | 574.00 | 905.00 | OK |
Version: 0.2.1
Check: installed package size
Result: NOTE
installed size is 5.4Mb
sub-directories of 1Mb or more:
libs 3.8Mb
Flavors: r-release-macos-arm64, r-release-macos-x86_64, r-oldrel-macos-arm64, r-oldrel-macos-x86_64