CRAN Package Check Results for Package lpme

Last updated on 2019-05-25 05:46:47 CEST.

Flavor Version Tinstall Tcheck Ttotal Status Flags
r-devel-linux-x86_64-debian-clang 1.1.1 119.57 41.95 161.52 OK
r-devel-linux-x86_64-debian-gcc 1.1.1 97.17 33.37 130.54 OK
r-devel-linux-x86_64-fedora-clang 1.1.1 254.12 NOTE
r-devel-linux-x86_64-fedora-gcc 1.1.1 231.01 OK
r-devel-windows-ix86+x86_64 1.1.1 222.00 95.00 317.00 OK
r-patched-linux-x86_64 1.1.1 OK
r-patched-solaris-x86 1.1.1 223.70 OK
r-release-linux-x86_64 1.1.1 117.84 42.50 160.34 OK
r-release-windows-ix86+x86_64 1.1.1 299.00 92.00 391.00 OK
r-release-osx-x86_64 1.1.1 OK
r-oldrel-windows-ix86+x86_64 1.1.1 293.00 93.00 386.00 OK
r-oldrel-osx-x86_64 1.1.1 OK

Check Details

Version: 1.1.1
Check: installed package size
Result: NOTE
     installed size is 5.5Mb
     sub-directories of 1Mb or more:
     libs 5.4Mb
Flavor: r-devel-linux-x86_64-fedora-clang