CRAN Package Check Results for Package lpme

Last updated on 2019-08-25 05:46:51 CEST.

Flavor Version Tinstall Tcheck Ttotal Status Flags
r-devel-linux-x86_64-debian-clang 1.1.1 116.98 42.36 159.34 OK
r-devel-linux-x86_64-debian-gcc 1.1.1 101.63 32.67 134.30 OK
r-devel-linux-x86_64-fedora-clang 1.1.1 256.40 NOTE
r-devel-linux-x86_64-fedora-gcc 1.1.1 251.36 OK
r-devel-windows-ix86+x86_64 1.1.1 201.00 153.00 354.00 OK
r-patched-linux-x86_64 1.1.1 108.28 43.10 151.38 OK
r-patched-solaris-x86 1.1.1 227.60 OK
r-release-linux-x86_64 1.1.1 109.49 43.28 152.77 OK
r-release-windows-ix86+x86_64 1.1.1 313.00 119.00 432.00 OK
r-release-osx-x86_64 1.1.1 OK
r-oldrel-windows-ix86+x86_64 1.1.1 281.00 117.00 398.00 OK
r-oldrel-osx-x86_64 1.1.1 OK

Check Details

Version: 1.1.1
Check: installed package size
Result: NOTE
     installed size is 6.5Mb
     sub-directories of 1Mb or more:
     libs 6.3Mb
Flavor: r-devel-linux-x86_64-fedora-clang