CRAN Package Check Results for Package lrd

Last updated on 2024-06-22 06:50:51 CEST.

Flavor Version Tinstall Tcheck Ttotal Status Flags
r-devel-linux-x86_64-debian-clang 0.1.0 3.95 55.33 59.28 OK
r-devel-linux-x86_64-debian-gcc 0.1.0 2.82 40.83 43.65 OK
r-devel-linux-x86_64-fedora-clang 0.1.0 72.87 NOTE
r-devel-linux-x86_64-fedora-gcc 0.1.0 83.62 NOTE
r-devel-windows-x86_64 0.1.0 4.00 64.00 68.00 OK
r-patched-linux-x86_64 0.1.0 4.48 50.84 55.32 OK
r-release-linux-x86_64 0.1.0 3.44 52.29 55.73 OK
r-release-macos-arm64 0.1.0 32.00 OK
r-release-macos-x86_64 0.1.0 47.00 OK
r-release-windows-x86_64 0.1.0 4.00 66.00 70.00 OK
r-oldrel-macos-arm64 0.1.0 34.00 OK
r-oldrel-macos-x86_64 0.1.0 49.00 OK
r-oldrel-windows-x86_64 0.1.0 5.00 70.00 75.00 OK

Check Details

Version: 0.1.0
Check: dependencies in R code
Result: NOTE Namespace in Imports field not imported from: ‘knitr’ All declared Imports should be used. Flavors: r-devel-linux-x86_64-fedora-clang, r-devel-linux-x86_64-fedora-gcc