CRAN Package Check Results for Package lrstat

Last updated on 2024-06-15 06:49:49 CEST.

Flavor Version Tinstall Tcheck Ttotal Status Flags
r-devel-linux-x86_64-debian-clang 0.2.7 414.73 357.19 771.92 OK
r-devel-linux-x86_64-debian-gcc 0.2.7 301.69 274.68 576.37 OK
r-devel-linux-x86_64-fedora-clang 0.2.7 369.45 ERROR
r-devel-linux-x86_64-fedora-gcc 0.2.7 1176.01 OK
r-devel-windows-x86_64 0.2.6 221.00 457.00 678.00 NOTE
r-patched-linux-x86_64 0.2.6 326.16 366.80 692.96 OK
r-release-linux-x86_64 0.2.6 318.68 351.63 670.31 OK
r-release-macos-arm64 0.2.7 278.00 NOTE
r-release-macos-x86_64 0.2.7 556.00 NOTE
r-release-windows-x86_64 0.2.7 219.00 477.00 696.00 NOTE
r-oldrel-macos-arm64 0.2.7 296.00 NOTE
r-oldrel-macos-x86_64 0.2.7 464.00 NOTE
r-oldrel-windows-x86_64 0.2.7 195.00 461.00 656.00 NOTE

Additional issues

M1mac M1mac

Check Details

Version: 0.2.7
Check: whether package can be installed
Result: ERROR Installation failed. Flavor: r-devel-linux-x86_64-fedora-clang

Version: 0.2.6
Check: installed package size
Result: NOTE installed size is 5.7Mb sub-directories of 1Mb or more: libs 3.5Mb Flavor: r-devel-windows-x86_64

Version: 0.2.7
Check: installed package size
Result: NOTE installed size is 59.7Mb sub-directories of 1Mb or more: libs 57.4Mb Flavors: r-release-macos-arm64, r-release-macos-x86_64, r-release-windows-x86_64, r-oldrel-macos-arm64, r-oldrel-macos-x86_64, r-oldrel-windows-x86_64